{"id":7348,"date":"2025-09-13T14:45:01","date_gmt":"2025-09-13T12:45:01","guid":{"rendered":"https:\/\/zlp-krakow.pl\/?page_id=7348"},"modified":"2025-09-13T15:09:00","modified_gmt":"2025-09-13T13:09:00","slug":"potoczek-grazyna","status":"publish","type":"page","link":"https:\/\/zlp-krakow.pl\/?page_id=7348","title":{"rendered":"Gra\u017cyna Potoczek"},"content":{"rendered":"<p><a href=\"https:\/\/zlp-krakow.pl\/wp-content\/uploads\/2025\/09\/Potoczek-fot-Makuch-scaled.jpg\"><img loading=\"lazy\" decoding=\"async\" class=\"alignnone wp-image-7349 size-thumbnail\" src=\"https:\/\/zlp-krakow.pl\/wp-content\/uploads\/2025\/09\/Potoczek-fot-Makuch-150x150.jpg\" alt=\"\" width=\"150\" height=\"150\" \/><\/a><\/p>\n<p><span style=\"font-size: 14pt;\"><strong>Gra\u017cyna Potoczek\u00a0<\/strong><\/span><\/p>\n<div>Gra\u017cyna Potoczek mieszka i pracuje w Krakowie. Absolwentka Uniwersytetu Jagiello\u0144skiego. Kieruje Klubem Dziennikarzy \u201ePod Gruszk\u0105\u201d w strukturach Biblioteki Krak\u00f3w. Organizatorka wydarze\u0144 kulturalnych, promocji ksi\u0105\u017cek, wieczor\u00f3w literackich, koncert\u00f3w, miniatur teatralnych, jubileuszowych spotka\u0144 dziennikarskich.<\/div>\n<div>Za zas\u0142ugi dla miasta w 2014 roku zosta\u0142a uhonorowana przez Prezydenta Miasta Krakowa odznak\u0105 Honoris Gratia.<\/div>\n<div>Na \u0142amach prasy debiutowa\u0142a w 2008. Swoje teksty, recenzje i kr\u00f3tkie reporta\u017ce podr\u00f3\u017cnicze publikowa\u0142a w Informatorze Kulturalnym \u201eLamelli\u201d wydawanym przez \u015ar\u00f3dmiejski O\u015brodek Kultury, gdzie pracowa\u0142a do 2016 roku oraz w \u201eAlmanachach Krakowskiej Nocy Poet\u00f3w\u201d, Gazetce \u201eViS a ViS\u201d, a tak\u017ce w prasie og\u00f3lnopolskiej. Jej wiersze znalaz\u0142y si\u0119 w miesi\u0119czniku \u201eKrak\u00f3w i \u015bwiat\u201d oraz w \u201eGazecie Kulturalnej\u201d.<\/div>\n<div>Jest autork\u0105 ksi\u0105\u017cki o Klubie Kazimierz wydanej z okazji 30-lecia jego dzia\u0142alno\u015bci i opowiada\u0144 publikowanych w \u201eLiteracie Krakowskim\u201d. W 2022 r. wyda\u0142a tomik poetycki \u201eWci\u0105\u017c jeszcze pytam\u201d a rok p\u00f3\u017aniej \u201eKolorowe bajki\u201d \u2013 wierszowane opowie\u015bci o przygodach dzieci z ilustracjami Anny Mrowiec.<\/div>\n<div>Kolejny tomik poezji \u201eNie pierwsza m\u0142odo\u015b\u0107\u201d ukaza\u0142 si\u0119 w 2024 roku.<\/div>\n<div><\/div>\n<h6><\/h6>\n<div>***<\/div>\n<h6><\/h6>\n<div>skanujesz wzrokiem t\u0142um<\/div>\n<div>nadaremnie szukasz<\/div>\n<div>przyjaznych oczu<\/div>\n<div>nie zapala si\u0119 \u015bwiate\u0142ko<\/div>\n<div>przenikaj\u0105ce dusz\u0119<\/div>\n<div>ludzie kt\u00f3rych mijasz<\/div>\n<div>maj\u0105 tylko plecy<\/div>\n<h6><\/h6>\n<div><strong>Moda na kostiumy <\/strong><\/div>\n<h6><\/h6>\n<div>Spotka\u0142am go wczoraj<\/div>\n<div>Przebra\u0142 si\u0119 za cz\u0142owieka<\/div>\n<div>stara\u0142 si\u0119 by\u0107 autentyczny<\/div>\n<div>ale str\u00f3j go uwiera\u0142<\/div>\n<div>Jedynie wenecka maska<\/div>\n<div>by\u0142a prawdziwa<\/div>\n<h6><\/h6>\n<div><strong>Zachwaszczona \u015bcie\u017cka wspomnie\u0144<\/strong><\/div>\n<h6><\/h6>\n<div>Przywo\u0142any z pami\u0119ci<\/div>\n<div>obraz ukochanej kobiety<\/div>\n<div>zatraci\u0142 lekko\u015b\u0107 i wdzi\u0119k<\/div>\n<div>niezapominajek<\/div>\n<div>rozmy\u0142 si\u0119 w bezkszta\u0142tnej obecno\u015bci<\/div>\n<div>zarys\u00f3w twarzy i pustych oczu<\/div>\n<div>My\u015bli rozbieg\u0142y si\u0119 i nie wr\u00f3ci\u0142y<\/div>\n<div>zosta\u0142a fotografia<\/div>\n<div>namacalny dow\u00f3d<\/div>\n<div>\u017ce przytrafi\u0142o im si\u0119 szcz\u0119\u015bcie<\/div>\n<div><\/div>\n<h6><\/h6>\n<div>* * *<\/div>\n<h6><\/h6>\n<div>jak nada\u0107 s\u0142owom<\/div>\n<div>w\u0142a\u015bciwy sens<\/div>\n<div>gdy zmierzch zdj\u0105\u0142<\/div>\n<div>s\u0142o\u0144ca l\u015bnienie z serca<\/div>\n<div>jak zamkn\u0105\u0107 szcz\u0119\u015bcie<\/div>\n<div>w dolinie d\u0142oni<\/div>\n<div>jak tyle powiedzie\u0107<\/div>\n<div>i nie powiedzie\u0107<\/div>\n<div>Bez po\u015bpiechu<\/div>\n<div>m\u00f3wisz mi<\/div>\n<div>poczekam<\/div>\n<div>Czuj\u0119 w tym wyznaniu<\/div>\n<div>smak stabilizacji<\/div>\n<div>Zanurzam si\u0119 w spojrzeniu jutra<\/div>\n<h6><\/h6>\n<div><strong>W ogl\u0105dzie rzeczywisto\u015bci<\/strong><\/div>\n<h6><\/h6>\n<div>Kiedy rzeczywisto\u015b\u0107 zaczyna doskwiera\u0107<\/div>\n<div>Nie jeste\u015bcie mi przyjazne<\/div>\n<div>My\u015bli moje<\/div>\n<div>Rozszarpujecie ogniwa logiki<\/div>\n<div>Nieszcz\u0119\u015bciami znajomych<\/div>\n<div>Burzycie spokojny sen<\/div>\n<div>A we mnie<\/div>\n<div>Ro\u015bnie kamie\u0144<\/div>\n<h6><\/h6>\n<div>***<\/div>\n<h6><\/h6>\n<div>Urodzi\u0142am si\u0119 w osobliwym stuleciu<\/div>\n<div>czas przesuwa\u0142 nowe obrazy<\/div>\n<div>jak kadry filmu kr\u00f3tkometra\u017cowego<\/div>\n<div>\u015bwiat zmienia\u0142 si\u0119 przez te lata<\/div>\n<div>tak jako\u015b naturalnie<\/div>\n<div>bez dzikich wybryk\u00f3w losu<\/div>\n<div>i upokorze\u0144 ducha<\/div>\n<div>to cieszy<\/div>\n<div>nieustanie zadziwia\u0142 mnie cz\u0142owiek<\/div>\n<div>jego precyzyjne imaginacje<\/div>\n<div>unios\u0142y w przestworza maszyny<\/div>\n<div>dotar\u0142y do ukwia\u0142\u00f3w<\/div>\n<div>sprawi\u0142y \u017ce mog\u0119 przez ocean rozmawia\u0107 z c\u00f3rk\u0105<\/div>\n<div>patrz\u0105c jej w oczy<\/div>\n<div>ruchliwe skrzy\u017cowanie mojej duszy<\/div>\n<div>czasem si\u0119 korkuje z nadmiaru wra\u017ce\u0144<\/div>\n<div>ale cierpliwie czekam<\/div>\n<div>na zielony sygna\u0142<\/div>\n<div>wiem<\/div>\n<div>\u017ce gdy dojd\u0119 do znajomej rzeki<\/div>\n<div>przejrz\u0119 si\u0119 ju\u017c w innej wodzie<\/div>\n<h6><\/h6>\n<div>***<\/div>\n<h6><\/h6>\n<div>lubi\u0119 kontemplowa\u0107<\/div>\n<div>niebo po burzy<\/div>\n<div>wymalowane sympatycznym atramentem<\/div>\n<div>czarne p\u0142achty<\/div>\n<div>znikaj\u0105<\/div>\n<div>b\u0142\u0119kit jeszcze troch\u0119 szary<\/div>\n<div>zwyci\u0119skie<\/div>\n<div>s\u0142o\u0144ce moczy p\u0119dzle promieni<\/div>\n<div>w ka\u0142u\u017cach<\/div>\n<h6><\/h6>\n<div><strong>\u015awiadectwo naszej epoki <\/strong><\/div>\n<h6><\/h6>\n<div>Z\u0142o nie wzbudza odrazy<\/div>\n<div>Polemiki z sumieniem brak<\/div>\n<div>Wodospady hejtu<\/div>\n<div>hucz\u0105 z\u0142owrogo<\/div>\n<div>Zwyk\u0142a uczciwo\u015b\u0107 sp\u0142yn\u0119\u0142a<\/div>\n<div>do bezdennej jaskini<\/div>\n<div>A ty<\/div>\n<div>z dum\u0105 wyznajesz<\/div>\n<div>\u017ce potrafisz by\u0107<\/div>\n<div>ci\u0119ta jak brzytwa<\/div>\n","protected":false},"excerpt":{"rendered":"<p>Gra\u017cyna Potoczek\u00a0 Gra\u017cyna Potoczek mieszka i pracuje w Krakowie. Absolwentka Uniwersytetu Jagiello\u0144skiego. Kieruje Klubem Dziennikarzy \u201ePod Gruszk\u0105\u201d w strukturach Biblioteki Krak\u00f3w. Organizatorka wydarze\u0144 kulturalnych, promocji ksi\u0105\u017cek, wieczor\u00f3w literackich, koncert\u00f3w, miniatur teatralnych, jubileuszowych spotka\u0144 dziennikarskich. Za zas\u0142ugi dla miasta w 2014 &#8230; <a class=\"more-link\" href=\"https:\/\/zlp-krakow.pl\/?page_id=7348\">Read More &raquo;<\/a><\/p>\n","protected":false},"author":3,"featured_media":0,"parent":51,"menu_order":0,"comment_status":"closed","ping_status":"closed","template":"","meta":{"footnotes":""},"categories":[2],"tags":[],"class_list":["post-7348","page","type-page","status-publish","hentry","category-czlonkowie"],"_links":{"self":[{"href":"https:\/\/zlp-krakow.pl\/index.php?rest_route=\/wp\/v2\/pages\/7348","targetHints":{"allow":["GET"]}}],"collection":[{"href":"https:\/\/zlp-krakow.pl\/index.php?rest_route=\/wp\/v2\/pages"}],"about":[{"href":"https:\/\/zlp-krakow.pl\/index.php?rest_route=\/wp\/v2\/types\/page"}],"author":[{"embeddable":true,"href":"https:\/\/zlp-krakow.pl\/index.php?rest_route=\/wp\/v2\/users\/3"}],"replies":[{"embeddable":true,"href":"https:\/\/zlp-krakow.pl\/index.php?rest_route=%2Fwp%2Fv2%2Fcomments&post=7348"}],"version-history":[{"count":8,"href":"https:\/\/zlp-krakow.pl\/index.php?rest_route=\/wp\/v2\/pages\/7348\/revisions"}],"predecessor-version":[{"id":7359,"href":"https:\/\/zlp-krakow.pl\/index.php?rest_route=\/wp\/v2\/pages\/7348\/revisions\/7359"}],"up":[{"embeddable":true,"href":"https:\/\/zlp-krakow.pl\/index.php?rest_route=\/wp\/v2\/pages\/51"}],"wp:attachment":[{"href":"https:\/\/zlp-krakow.pl\/index.php?rest_route=%2Fwp%2Fv2%2Fmedia&parent=7348"}],"wp:term":[{"taxonomy":"category","embeddable":true,"href":"https:\/\/zlp-krakow.pl\/index.php?rest_route=%2Fwp%2Fv2%2Fcategories&post=7348"},{"taxonomy":"post_tag","embeddable":true,"href":"https:\/\/zlp-krakow.pl\/index.php?rest_route=%2Fwp%2Fv2%2Ftags&post=7348"}],"curies":[{"name":"wp","href":"https:\/\/api.w.org\/{rel}","templated":true}]}}