{"id":6947,"date":"2025-02-14T01:47:28","date_gmt":"2025-02-14T00:47:28","guid":{"rendered":"https:\/\/zlp-krakow.pl\/?page_id=6947"},"modified":"2025-02-17T11:28:15","modified_gmt":"2025-02-17T10:28:15","slug":"koncewicz-marcelina","status":"publish","type":"page","link":"https:\/\/zlp-krakow.pl\/?page_id=6947","title":{"rendered":"Marcelina Koncewicz"},"content":{"rendered":"<p><a href=\"https:\/\/zlp-krakow.pl\/wp-content\/uploads\/2025\/02\/Marcelina-scaled.jpg\"><img loading=\"lazy\" decoding=\"async\" class=\"alignnone wp-image-6942 size-thumbnail\" src=\"https:\/\/zlp-krakow.pl\/wp-content\/uploads\/2025\/02\/Marcelina-150x150.jpg\" alt=\"\" width=\"150\" height=\"150\" \/><\/a><\/p>\n<p><span style=\"font-size: 14pt;\"><strong><span style=\"font-family: georgia, palatino, serif;\">Marcelina Koncewicz<\/span><\/strong><\/span><\/p>\n<div>Urodzi\u0142a si\u0119 w 1998 roku w Nowym S\u0105czu. Poetka, krytyk literacki.<\/div>\n<div>W 2017 roku Uko\u0144czy\u0142a I Liceum Og\u00f3lnokszta\u0142c\u0105ce im. Jana D\u0142ugosza w Nowym S\u0105czu. W latach 2017-2022 studiowa\u0142a prawo na Uniwersytecie Jagiello\u0144skim. Uko\u0144czy\u0142a r\u00f3wnie\u017c studia z polonistyki antropologiczno-kulturowej oraz krytyki literackiej.<\/div>\n<div>Autorka artyku\u0142\u00f3w naukowych, opublikowanych np. w \u201eKontekstach kultury\u201d i w \u201eBiuletynie Kryminologicznym\u201d. Redaktorka w \u201eWiadomo\u015bciach Uniwersytetu Jagiello\u0144skiego\u201d. Publikuje utwory poetyckie w \u201eLiteracie Krakowskim\u201d oraz almanachach Krakowskiej Nocy Poet\u00f3w.<\/div>\n<div><strong>Opublikowa\u0142a:<\/strong><\/div>\n<div>3 tomy poetyckie \u2013 \u201ePrzez okno\u201d (2016), \u201eCia\u0142o moje\u201d (2020), \u201ePrawo po\u017cegna\u0144 i powrot\u00f3w\u201d (2024)<\/div>\n<div>Libretto do opery \u201eEstera\u201d<\/div>\n<div>Mieszka w Krakowie.<\/div>\n<div><\/div>\n<div><\/div>\n<p>&nbsp;<\/p>\n<div><strong>Prawo po\u017cegna\u0144 i powrot\u00f3w<\/strong><\/div>\n<h6><\/h6>\n<div>W artykule pierwszym wyznaczono sposoby<\/div>\n<div>dotykania cudzych ust na powitanie<\/div>\n<div>Jest to katalog otwarty<\/div>\n<div>Nie znaczy to jednak \u017ce trzeba otwiera\u0107 usta<\/div>\n<h6><\/h6>\n<div>Artyku\u0142 drugi wyznacza spos\u00f3b<\/div>\n<div>podawania r\u0105k i policzk\u00f3w do mu\u015bni\u0119cia<\/div>\n<div>Zgodnie z najnowszymi pogl\u0105dami doktryny<\/div>\n<div>nie wolno ca\u0142owa\u0107 w r\u0119ce obcych kobiet<\/div>\n<h6><\/h6>\n<div>Artyku\u0142 trzeci w pierwszym paragrafie<\/div>\n<div>wyznacza spos\u00f3b obchodzenia si\u0119<\/div>\n<div>z ca\u0142\u0105 reszta cia\u0142a<\/div>\n<div>za\u015b paragraf drugi wymienia sankcje<\/div>\n<div>gro\u017c\u0105ce za naruszenie kt\u00f3regokolwiek<\/div>\n<div>z powy\u017cszych przepis\u00f3w<\/div>\n<div><\/div>\n<p>&nbsp;<\/p>\n<div><strong>* * *<\/strong><\/div>\n<h6><\/h6>\n<div>w strefie pakowania znajduje si\u0119 artyku\u0142<\/div>\n<div>kt\u00f3ry nie powinien si\u0119 tam znale\u017a\u0107<\/div>\n<div>urodzi\u0142am si\u0119 w ma\u0142ej wsi na po\u0142udniu Polski<\/div>\n<div>kiedy nauczy\u0142am si\u0119 m\u00f3wi\u0107<\/div>\n<div>przestali mnie rozumie\u0107<\/div>\n<h6><\/h6>\n<div>wybierz ilo\u015b\u0107<\/div>\n<div>kiedy posz\u0142am do szko\u0142y<\/div>\n<div>nie mog\u0142am si\u0119 zdecydowa\u0107<\/div>\n<div>w czym chc\u0119 by\u0107 najlepsza<\/div>\n<div>a w czym lepsza od kogo\u015b<\/div>\n<div>wybra\u0142am wszystko<\/div>\n<h6><\/h6>\n<div>poczekaj a\u017c zjawi si\u0119 pomoc<\/div>\n<div>nie chcia\u0142am traci\u0107 czasu<\/div>\n<div>na spanie, jedzenie<\/div>\n<div>i umieranie<\/div>\n<div>znalaz\u0142am zast\u0119pstwo<\/div>\n<h6><\/h6>\n<div>wybierz form\u0119 p\u0142atno\u015bci<\/div>\n<div>przez 8 godzin dziennie nie p\u0142aka\u0142am<\/div>\n<div>i za to mi p\u0142acili<\/div>\n<h6><\/h6>\n<div>dzi\u0119kujemy i zapraszamy ponownie!<\/div>\n<div>drugi raz nie spr\u00f3buj\u0119<\/div>\n<p>&nbsp;<\/p>\n<div><\/div>\n<div><strong>Szafa<\/strong><\/div>\n<h6><\/h6>\n<div>nie jest jak drzwi gnie\u017anie\u0144skie<\/div>\n<div>bez p\u0142askorze\u017ab i oku\u0107<\/div>\n<div>puste<\/div>\n<div>pseudodrewniane drzwi<\/div>\n<div>nic nie m\u00f3wi\u0105<\/div>\n<div>o twoim \u017cyciu<\/div>\n<div>ale jej wn\u0119trze<\/div>\n<div>ma dla mnie nieocenion\u0105 warto\u015b\u0107<\/div>\n<div>skarbnica twoich kom\u00f3rek<\/div>\n<div>materia\u0142 genetyczny<\/div>\n<div>pomi\u0119dzy w\u0142\u00f3knami ubra\u0144<\/div>\n<div>niestety<\/div>\n<div>twoje koszule<\/div>\n<div>coraz mniej pachn\u0105 tob\u0105<\/div>\n<div>co rano nad nimi fruwam<\/div>\n<div>na cienkich skrzyde\u0142kach<\/div>\n<div>nosa<\/div>\n<div>otwieram i zamykam<\/div>\n<div>wspomnienia silnych ramion<\/div>\n<div>wstydzi\u0142e\u015b si\u0119 nimi obj\u0105\u0107<\/div>\n<div>kolejny poranek i wiecz\u00f3r<\/div>\n<div><\/div>\n<div><\/div>\n","protected":false},"excerpt":{"rendered":"<p>Marcelina Koncewicz Urodzi\u0142a si\u0119 w 1998 roku w Nowym S\u0105czu. Poetka, krytyk literacki. W 2017 roku Uko\u0144czy\u0142a I Liceum Og\u00f3lnokszta\u0142c\u0105ce im. Jana D\u0142ugosza w Nowym S\u0105czu. W latach 2017-2022 studiowa\u0142a prawo na Uniwersytecie Jagiello\u0144skim. Uko\u0144czy\u0142a r\u00f3wnie\u017c studia z polonistyki antropologiczno-kulturowej &#8230; <a class=\"more-link\" href=\"https:\/\/zlp-krakow.pl\/?page_id=6947\">Read More &raquo;<\/a><\/p>\n","protected":false},"author":3,"featured_media":0,"parent":51,"menu_order":0,"comment_status":"closed","ping_status":"closed","template":"","meta":{"footnotes":""},"categories":[2],"tags":[],"class_list":["post-6947","page","type-page","status-publish","hentry","category-czlonkowie"],"_links":{"self":[{"href":"https:\/\/zlp-krakow.pl\/index.php?rest_route=\/wp\/v2\/pages\/6947","targetHints":{"allow":["GET"]}}],"collection":[{"href":"https:\/\/zlp-krakow.pl\/index.php?rest_route=\/wp\/v2\/pages"}],"about":[{"href":"https:\/\/zlp-krakow.pl\/index.php?rest_route=\/wp\/v2\/types\/page"}],"author":[{"embeddable":true,"href":"https:\/\/zlp-krakow.pl\/index.php?rest_route=\/wp\/v2\/users\/3"}],"replies":[{"embeddable":true,"href":"https:\/\/zlp-krakow.pl\/index.php?rest_route=%2Fwp%2Fv2%2Fcomments&post=6947"}],"version-history":[{"count":5,"href":"https:\/\/zlp-krakow.pl\/index.php?rest_route=\/wp\/v2\/pages\/6947\/revisions"}],"predecessor-version":[{"id":6974,"href":"https:\/\/zlp-krakow.pl\/index.php?rest_route=\/wp\/v2\/pages\/6947\/revisions\/6974"}],"up":[{"embeddable":true,"href":"https:\/\/zlp-krakow.pl\/index.php?rest_route=\/wp\/v2\/pages\/51"}],"wp:attachment":[{"href":"https:\/\/zlp-krakow.pl\/index.php?rest_route=%2Fwp%2Fv2%2Fmedia&parent=6947"}],"wp:term":[{"taxonomy":"category","embeddable":true,"href":"https:\/\/zlp-krakow.pl\/index.php?rest_route=%2Fwp%2Fv2%2Fcategories&post=6947"},{"taxonomy":"post_tag","embeddable":true,"href":"https:\/\/zlp-krakow.pl\/index.php?rest_route=%2Fwp%2Fv2%2Ftags&post=6947"}],"curies":[{"name":"wp","href":"https:\/\/api.w.org\/{rel}","templated":true}]}}