{"id":429,"date":"2015-03-07T00:54:15","date_gmt":"2015-03-06T23:54:15","guid":{"rendered":"http:\/\/zlp-krakow.org\/?page_id=429"},"modified":"2025-07-10T18:31:33","modified_gmt":"2025-07-10T16:31:33","slug":"kuzora-pawel","status":"publish","type":"page","link":"https:\/\/zlp-krakow.pl\/?page_id=429","title":{"rendered":"Pawe\u0142 Kuzora"},"content":{"rendered":"<p><span class=\"tekstnormal1 tekstnormal\">Pawe\u0142 Kuzora urodzi\u0142 si\u0119 w Poznaniu, 19 lipca 1960 roku. Debiutowa\u0142 na \u0142amach dwutygodni\u00f3wki studenckiej &#8221; Spojrzenia &#8221; \/ 1979\/. W latach osiemdziesi\u0105tych ubieg\u0142ego stulecia, by\u0142 za\u0142o\u017cycielem grupy poetyckiej &#8221; Akwarium &#8222;, przy ZLP w Krakowie, a tak\u017ce amatorskiego teatru &#8221; Endo &#8222;. Jego wiersze by\u0142y publikowane w &#8221; \u017byciu Literackim &#8222;,&#8221; Tumulcie &#8222;, &#8221; Okolicach &#8222;. Jest laureatem turnieju jednego wiersza &#8221; O jaszczurowy laur &#8222;, a tak\u017ce og\u00f3lnopolskiego konkursu poetyckiego &#8221; Da\u0107 \u015awiadectwo &#8221; \/2011\/. Od listopada 2012 jest cz\u0142onkiem KO ZLP. Wyda\u0142 nast\u0119puj\u0105ce tomy wierszy oraz p\u0142yt\u0119:<br \/>\n<\/span><\/p>\n<ol>\n<li>Taniec na niebie &#8211; 2009 &#8211; broszura poetycka<\/li>\n<li>Kotwica moich sn\u00f3w &#8211; 2010 &#8211; Wydawnictwo i Drukarnia Towarzystwa S\u0142owak\u00f3w w Polsce, ISBN 978-83-7490-245-8<\/li>\n<li>W d\u0142oniach wiatru &#8211; 2012 &#8211; Wydawnictwo i Drukarnia Towarzystwa S\u0142owak\u00f3w w Polsce, ISBN 978-83-7490-510-7<\/li>\n<li>To to &#8211; 2012 &#8211; Wydawnictwo Signo, ISBN 978-83-60874-32-5<\/li>\n<li>Akwarium &#8211; 2013 &#8211; Wydawnictwo i Drukarnia Towarzystwa S\u0142owak\u00f3w w Polsce, ISBN 978-83-7490-619-7<\/li>\n<li>Dotyk &#8211; 2014 &#8211; Wydawnictwo Miniatura, ISBN 978-83-7606-779-7<\/li>\n<li>To to &#8211; 2014 p\u0142yta CD z muzyk\u0105 Mateusza Hrynkiewicza do moich tekst\u00f3w, Firma Fonograficzna Gamma<\/li>\n<li>Wiki i Beza &#8211; 2015 &#8211; Wydawnictwo Miniatura, ISBN 978-83-7606-636-3<\/li>\n<li>Ch\u0142opak z Kantaka &#8211; 2015 &#8211; Wydawnictwo i Drukarnia Towarzystwa S\u0142owak\u00f3w w Polsce, ISBN 978-83-7490-859-7<\/li>\n<li>Pami\u0119tnik znaleziony pod poduszk\u0105 &#8211; 2016 &#8211; Wyd. i Druk. Tow. S\u0142owak\u00f3w w Polsce, ISBN 978-83-7490-734-7<\/li>\n<li>S\u0105 &#8211; 2018 &#8211; Wydawnictwo Miniatura, ISBN 978-83-8052-347-0<\/li>\n<li>Cz\u0142owiek kt\u00f3ry czesa\u0142 wod\u0119 &#8211; 2021 &#8211; Wyd. i Druk. Tow. S\u0142owak\u00f3w w Polsce, ISBN 978-83-8111-243-7<\/li>\n<li>Pierwsze \u015bniegi nieobecno\u015bci &#8211; 2025, Wydawnictwo i Drukarnia Towarzystwa S\u0142owak\u00f3w w Polsce<br \/>\nISBN 978-83-8111-370-0.<\/li>\n<\/ol>\n<p><span class=\"tekstwiersz\"> L\u0118K<\/span><\/p>\n<p>bo widzisz<br \/>\ngitara na \u015bcianie<br \/>\nusycha jak krzy\u017c<\/p>\n<p>uwierz mi<br \/>\nto tylko noc<br \/>\ndr\u017cy jak struna<\/p>\n<p>boi si\u0119<br \/>\nfa\u0142szywych d\u017awi\u0119k\u00f3w<br \/>\nnaszych k\u0142amstw<\/p>\n<p>KSZTA\u0141T<\/p>\n<p>jak to zwykle bywa mi\u0142o\u015b\u0107<br \/>\nto ucieczka z w\u0142asnego \u015bwiata<br \/>\nw \u015bwiat drugiej osoby<\/p>\n<p>to droga nie do przemierzenia kt\u00f3ra<br \/>\nrozp\u0142ywa si\u0119 w patetyczne upodobania<\/p>\n<p>innymi s\u0142owy kto szuka mi\u0142o\u015bci<br \/>\nten ogarnia \u015bwiat i nadaje mu kszta\u0142t<\/p>\n<p>FALE<\/p>\n<p>nasze oczy posiad\u0142y<br \/>\nzmienno\u015b\u0107 odcieni morza<\/p>\n<p>nasze cia\u0142a jak fale<br \/>\nwznosz\u0105 si\u0119 wolno i mi\u0119kko<\/p>\n<p>wpatrujemy si\u0119 w gwiazdy<br \/>\nnap\u0119cznia\u0142e s\u0142odk\u0105 ciemno\u015bci\u0105<\/p>\n<p>\u015bwiat\u0142a latar\u0144 przecinaj\u0105 mrok<br \/>\ndomy l\u015bni\u0105 jak miedziane zwierciad\u0142a<\/p>\n<p>to \u015bmier\u0107 najbardziej kocha \u017cycie<\/p>\n","protected":false},"excerpt":{"rendered":"<p>Pawe\u0142 Kuzora urodzi\u0142 si\u0119 w Poznaniu, 19 lipca 1960 roku. Debiutowa\u0142 na \u0142amach dwutygodni\u00f3wki studenckiej &#8221; Spojrzenia &#8221; \/ 1979\/. W latach osiemdziesi\u0105tych ubieg\u0142ego stulecia, by\u0142 za\u0142o\u017cycielem grupy poetyckiej &#8221; Akwarium &#8222;, przy ZLP w Krakowie, a tak\u017ce amatorskiego teatru &#8230; <a class=\"more-link\" href=\"https:\/\/zlp-krakow.pl\/?page_id=429\">Read More &raquo;<\/a><\/p>\n","protected":false},"author":1,"featured_media":0,"parent":51,"menu_order":0,"comment_status":"closed","ping_status":"closed","template":"","meta":{"footnotes":""},"categories":[2],"tags":[],"class_list":["post-429","page","type-page","status-publish","hentry","category-czlonkowie"],"_links":{"self":[{"href":"https:\/\/zlp-krakow.pl\/index.php?rest_route=\/wp\/v2\/pages\/429","targetHints":{"allow":["GET"]}}],"collection":[{"href":"https:\/\/zlp-krakow.pl\/index.php?rest_route=\/wp\/v2\/pages"}],"about":[{"href":"https:\/\/zlp-krakow.pl\/index.php?rest_route=\/wp\/v2\/types\/page"}],"author":[{"embeddable":true,"href":"https:\/\/zlp-krakow.pl\/index.php?rest_route=\/wp\/v2\/users\/1"}],"replies":[{"embeddable":true,"href":"https:\/\/zlp-krakow.pl\/index.php?rest_route=%2Fwp%2Fv2%2Fcomments&post=429"}],"version-history":[{"count":4,"href":"https:\/\/zlp-krakow.pl\/index.php?rest_route=\/wp\/v2\/pages\/429\/revisions"}],"predecessor-version":[{"id":7287,"href":"https:\/\/zlp-krakow.pl\/index.php?rest_route=\/wp\/v2\/pages\/429\/revisions\/7287"}],"up":[{"embeddable":true,"href":"https:\/\/zlp-krakow.pl\/index.php?rest_route=\/wp\/v2\/pages\/51"}],"wp:attachment":[{"href":"https:\/\/zlp-krakow.pl\/index.php?rest_route=%2Fwp%2Fv2%2Fmedia&parent=429"}],"wp:term":[{"taxonomy":"category","embeddable":true,"href":"https:\/\/zlp-krakow.pl\/index.php?rest_route=%2Fwp%2Fv2%2Fcategories&post=429"},{"taxonomy":"post_tag","embeddable":true,"href":"https:\/\/zlp-krakow.pl\/index.php?rest_route=%2Fwp%2Fv2%2Ftags&post=429"}],"curies":[{"name":"wp","href":"https:\/\/api.w.org\/{rel}","templated":true}]}}