{"id":4051,"date":"2018-12-03T13:11:24","date_gmt":"2018-12-03T12:11:24","guid":{"rendered":"http:\/\/zlp-krakow.pl\/?page_id=4051"},"modified":"2018-12-03T22:03:41","modified_gmt":"2018-12-03T21:03:41","slug":"jedynak-janusz","status":"publish","type":"page","link":"https:\/\/zlp-krakow.pl\/?page_id=4051","title":{"rendered":"Janusz Jedynak"},"content":{"rendered":"<p><a href=\"https:\/\/zlp-krakow.pl\/wp-content\/uploads\/2018\/12\/Jedynak.jpg\"><img loading=\"lazy\" decoding=\"async\" class=\"alignnone wp-image-4068\" src=\"https:\/\/zlp-krakow.pl\/wp-content\/uploads\/2018\/12\/Jedynak-300x288.jpg\" alt=\"\" width=\"180\" height=\"173\" srcset=\"https:\/\/zlp-krakow.pl\/wp-content\/uploads\/2018\/12\/Jedynak-300x288.jpg 300w, https:\/\/zlp-krakow.pl\/wp-content\/uploads\/2018\/12\/Jedynak-768x738.jpg 768w, https:\/\/zlp-krakow.pl\/wp-content\/uploads\/2018\/12\/Jedynak-1024x985.jpg 1024w, https:\/\/zlp-krakow.pl\/wp-content\/uploads\/2018\/12\/Jedynak-940x904.jpg 940w, https:\/\/zlp-krakow.pl\/wp-content\/uploads\/2018\/12\/Jedynak.jpg 1298w\" sizes=\"auto, (max-width: 180px) 100vw, 180px\" \/><\/a><\/p>\n<p><strong>Janusz Jedynak\u00a0<\/strong><\/p>\n<p style=\"text-align: justify;\">Urodzony 08.08.1952 r. w Katowicach; debiutowa\u0142 w roku 1996 w Programie II Polskiego Radia w audycji \u201eCzas na debiut\u201d. Pisze wiersze (liryczne, satyryczne, haiku i dla dzieci) oraz opowiadania i artyku\u0142y publicystyczne, kt\u00f3re publikuje g\u0142\u00f3wnie w prasie lokalnej, m.in. w \u201eGazecie S\u0105deckiej\u201d, \u201eZnad Popradu\u201d, \u201eKurierze Staros\u0105deckim\u201d, \u201eAlmanachu S\u0105deckim\u201d. Utwory poetyckie i prozatorskie jego autorstwa znajduj\u0105 si\u0119 te\u017c w licznych antologiach m.in. w o\u015bmiu ksi\u0105\u017ckach Klubu Literackiego \u201eS\u0105decczyzna\u201d, w publikacjach zbiorowych wydawanych przez Oficyn\u0119 Konfraterni Poet\u00f3w w Krakowie, dw\u00f3ch almanachach og\u00f3lnopolskich konkurs\u00f3w literackich i innych. Publikowa\u0142 r\u00f3wnie\u017c w czasopismach literackich m.in. w \u201eAkancie\u201d i \u201eLiteracie Krakowskim\u201d. Jest laureatem Og\u00f3lnopolskiego Konkursu Poetyckiego \u201eO ludzk\u0105 twarz cz\u0142owieka\u201d, \u201eOg\u00f3lnopolskiego Konkursu Jednego Haiku\u201d, \u201eO Laur Kwitn\u0105cej Wi\u015bni\u201d i innych.<\/p>\n<div>Wyda\u0142 nast\u0119puj\u0105ce tomiki poetyckie:<\/div>\n<div>\u201eCztery pory wiersza\u201d, Wydawnictwo Miniatura, Krak\u00f3w 1998,<\/div>\n<div>\u201eListy z Ego\u201d, Katolickie Stowarzyszenie \u201eCivitas Christiana\u201d, Nowy S\u0105cz 2004,<\/div>\n<div>\u201eDrog\u0105 w g\u00f3r\u0119 drog\u0105 w d\u00f3\u0142\u201d, Katolickie Stowarzyszenie \u201eCivitas Christiana\u201d, Nowy S\u0105cz 2011,<\/div>\n<div>\u201eNa dwa g\u0142osy\u201d, Oficyna Konfraterni Poet\u00f3w, Krak\u00f3w 2013<\/div>\n<p>&nbsp;<\/p>\n<div><strong>BIEGN\u0104CY<\/strong><\/div>\n<div><strong>\u00a0<\/strong><\/div>\n<div>biegn\u0105cy przez pustyni\u0119<\/div>\n<div>megalit\u00f3w o szklanych oczach,<\/div>\n<div>nieostro\u017cnie majstruj\u0105c przy wieczno\u015bci,<\/div>\n<div>wyprowadzi\u0142 wz\u00f3r na zmartwychwstanie<\/div>\n<div>i zaraz umar\u0142 na pr\u00f3b\u0119<\/div>\n<div>jakby nie wiedzia\u0142,<\/div>\n<div>\u017ce to bardzo boli takie przebywanie<\/div>\n<div>pod powiek\u0105 ziemi bez \u015bwiat\u0142a,<\/div>\n<div>powietrza i mo\u017cliwo\u015bci snucia plan\u00f3w,<\/div>\n<div>cho\u0107by tylko, na najbli\u017csz\u0105 przysz\u0142o\u015b\u0107<\/div>\n<div>na jeden dzie\u0144.<\/div>\n<div>a bieg trwa: autobusem,<\/div>\n<div>tramwajem czy metrem byle dalej,<\/div>\n<div>byle szybciej za czym\u015b co po cichutku,<\/div>\n<div>do przodu wci\u0105\u017c posuwa kto\u015b<\/div>\n<div>bardziej nie\u015bmiertelny,<\/div>\n<div>szybszy kto\u015b.<\/div>\n<p>&nbsp;<\/p>\n<div><strong>KONIEC \u015aWIAT\u0141A \u2013 WED\u0141UG STAREJ PALETY<\/strong><\/div>\n<div><strong>\u00a0<\/strong><\/div>\n<div>najpierw wyla\u0142a si\u0119 czer\u0144, g\u0119sta\u00a0 substancja<\/div>\n<div>szybko wype\u0142nia\u0142a przestrze\u0144, wch\u0142ania\u0142a nas,<\/div>\n<div>nienasycona g\u0142\u0119bia si\u0119ga\u0142a wieczno\u015bci. coraz<\/div>\n<div>bardziej brakowa\u0142o nam poszumu p\u0119dz\u0105cych<\/div>\n<div>b\u0142\u0119kit\u00f3w, chrz\u0119stu zlodowacia\u0142ych cz\u0105steczek bieli,<\/div>\n<div>ciep\u0142ego oddechu umbry, upudrowanych r\u00f3\u017cem<\/div>\n<div>porank\u00f3w i malachitowego posmaku deserowych win.<\/div>\n<div>ociekaj\u0105ce czarnym pigmentem dni wlok\u0142y si\u0119<\/div>\n<div>niemi\u0142osiernie z wysi\u0142kiem tocz\u0105c pozbawione koloru<\/div>\n<div>chwile. miasto podkurczy\u0142o ulice i zapad\u0142o w surrealistyczny<\/div>\n<div>sen. somnambuliczne tramwaje, kurczowo trzymaj\u0105c si\u0119<\/div>\n<div>szyn, ostro\u017cnie penetrowa\u0142y ciemno\u015b\u0107. to mia\u0142 by\u0107 koniec<\/div>\n<div>\u015bwiat\u0142a, ale sta\u0142o si\u0119 co\u015b\u2026 nikt nie wie co to mog\u0142o by\u0107?<\/div>\n<div>obudzi\u0142o nas g\u0142o\u015bne\u00a0 wibrowanie fiolet\u00f3w<\/div>\n<div>\u2013 uwi\u0119ziono czer\u0144 \u2013 dysza\u0142y jasne br\u0105zy wspinaj\u0105c si\u0119<\/div>\n<div>na grzbiet szaro\u015bci. ostra kraw\u0119d\u017a oran\u017cu wykrawa\u0142a<\/div>\n<div>nowy horyzont nad chor\u0105 ultramaryn\u0105, z aksamitnej<\/div>\n<div>kurtyny rozfalowanej zieleni wychyla\u0142 si\u0119 r\u0105bek magicznego<\/div>\n<div>cynobru\u00a0 rozsiewaj\u0105c rozedrgane p\u0142atki mak\u00f3w. nad nami,<\/div>\n<div>ra\u017c\u0105c silnym blaskiem, zawis\u0142 \u017c\u00f3\u0142ty laser \u2013 ko\u0144ca \u015bwiat\u0142a<\/div>\n<div>nie b\u0119dzie \u2013 powiedzia\u0142 g\u0142os z g\u00f3ry.<\/div>\n<p>&nbsp;<\/p>\n<p><strong>MARTWA NATURA Z SARN\u0104<\/strong><\/p>\n<div>miasto odp\u0142yn\u0119\u0142o za ciemny horyzont<\/div>\n<div>nocy. mia\u0142o si\u0119 ju\u017c nic nie wydarzy\u0107,<\/div>\n<div>ale kto\u015b szed\u0142 ulic\u0105, jaki\u015b cz\u0142owiek<\/div>\n<div>albo duch. a mo\u017ce by\u0142o inaczej: nikt<\/div>\n<div>nie szed\u0142 ulic\u0105, to ulica sz\u0142a, a nawet<\/div>\n<div>bieg\u0142a raz w jedn\u0105 a raz w drug\u0105 stron\u0119 i<\/div>\n<div>w obie strony jednocze\u015bnie. ciebie<\/div>\n<div>nie by\u0142o jeszcze w \u017cadnym moim \u015bnie,<\/div>\n<div>nawet nie wiedzia\u0142em, \u017ce jeste\u015b gdzie\u015b<\/div>\n<div>g\u0142\u0119boko we mnie, jak mikroskopijna<\/div>\n<div>czarna dziura, co\u015b co mo\u017ce urosn\u0105\u0107,<\/div>\n<div>sta\u0107 si\u0119 czym\u015b co b\u0119dzie chcia\u0142o<\/div>\n<div>karmi\u0107 si\u0119 mn\u0105. dlaczego jest tak, \u017ce<\/div>\n<div><\/div>\n<div>cz\u0142owiek musi po\u017cera\u0107 siebie, zadawa\u0107<\/div>\n<div>sobie b\u00f3l, kiedy na polan\u0119 z betonu<\/div>\n<div>wychodzi liryczna sarna.<\/div>\n<p>&nbsp;<\/p>\n<p><strong>ZWIERZ\u0118CO\u015a\u0106<\/strong><\/p>\n<div>zwierz\u0119co\u015b\u0107 zaczyna w\u0119szy\u0107.<\/div>\n<div>niepok\u00f3j z futera\u0142u ciemno\u015bci,<\/div>\n<div>przebi\u0142 si\u0119 laserowym \u017c\u0105d\u0142em.<\/div>\n<div>niech\u0119tnie rozmawiam z lud\u017ami.<\/div>\n<div>z kompasem bez ig\u0142y id\u0119 do, nik\u0105d.<\/div>\n<div><\/div>\n<div>pod tapczanem ta\u0144czy \u015bwierszcz,<\/div>\n<div>a mo\u017ce to jest rozdra\u017cniony puls.<\/div>\n<div>chcia\u0142em o tym pomy\u015ble\u0107, ale nagle,<\/div>\n<div>p\u0119k\u0142a struna w starej lutni snu,<\/div>\n<div>obudzi\u0142 si\u0119 pisz\u0105cy robak. nie,<\/div>\n<div><\/div>\n<div>nie by\u0142o \u017cadnej rozmowy z wilkiem;<\/div>\n<div>kto\u015b zadzwoni\u0142, ale si\u0119 nie odezwa\u0142.<\/div>\n<div>planeta w telefonicznej sieci kurczy si\u0119,<\/div>\n<div>jak wysychaj\u0105ca \u015bliwka. jeste\u015bmy coraz<\/div>\n<div>bli\u017cej siebie \u2013 dotykamy si\u0119 s\u0142owami.<\/div>\n<div><\/div>\n<div>paj\u0105k pije much\u0119 z muchy.<\/div>\n<div>mucha w paj\u0105ku truje much\u0105 paj\u0105ka.<\/div>\n<div>na styku poj\u0119\u0107 mieszaj\u0105 si\u0119 \u015bwiaty.<\/div>\n<div>wyruszy\u0142em \u017ceby zgin\u0105\u0107 na szlaku.<\/div>\n<div>zwierz\u0119co\u015b\u0107 w\u0119szy, kuli si\u0119. dr\u017cy.<\/div>\n<p>&nbsp;<\/p>\n","protected":false},"excerpt":{"rendered":"<p>Janusz Jedynak\u00a0 Urodzony 08.08.1952 r. w Katowicach; debiutowa\u0142 w roku 1996 w Programie II Polskiego Radia w audycji \u201eCzas na debiut\u201d. Pisze wiersze (liryczne, satyryczne, haiku i dla dzieci) oraz opowiadania i artyku\u0142y publicystyczne, kt\u00f3re publikuje g\u0142\u00f3wnie w prasie lokalnej, &#8230; <a class=\"more-link\" href=\"https:\/\/zlp-krakow.pl\/?page_id=4051\">Read More &raquo;<\/a><\/p>\n","protected":false},"author":3,"featured_media":0,"parent":51,"menu_order":0,"comment_status":"closed","ping_status":"closed","template":"","meta":{"footnotes":""},"categories":[2],"tags":[],"class_list":["post-4051","page","type-page","status-publish","hentry","category-czlonkowie"],"_links":{"self":[{"href":"https:\/\/zlp-krakow.pl\/index.php?rest_route=\/wp\/v2\/pages\/4051","targetHints":{"allow":["GET"]}}],"collection":[{"href":"https:\/\/zlp-krakow.pl\/index.php?rest_route=\/wp\/v2\/pages"}],"about":[{"href":"https:\/\/zlp-krakow.pl\/index.php?rest_route=\/wp\/v2\/types\/page"}],"author":[{"embeddable":true,"href":"https:\/\/zlp-krakow.pl\/index.php?rest_route=\/wp\/v2\/users\/3"}],"replies":[{"embeddable":true,"href":"https:\/\/zlp-krakow.pl\/index.php?rest_route=%2Fwp%2Fv2%2Fcomments&post=4051"}],"version-history":[{"count":10,"href":"https:\/\/zlp-krakow.pl\/index.php?rest_route=\/wp\/v2\/pages\/4051\/revisions"}],"predecessor-version":[{"id":4069,"href":"https:\/\/zlp-krakow.pl\/index.php?rest_route=\/wp\/v2\/pages\/4051\/revisions\/4069"}],"up":[{"embeddable":true,"href":"https:\/\/zlp-krakow.pl\/index.php?rest_route=\/wp\/v2\/pages\/51"}],"wp:attachment":[{"href":"https:\/\/zlp-krakow.pl\/index.php?rest_route=%2Fwp%2Fv2%2Fmedia&parent=4051"}],"wp:term":[{"taxonomy":"category","embeddable":true,"href":"https:\/\/zlp-krakow.pl\/index.php?rest_route=%2Fwp%2Fv2%2Fcategories&post=4051"},{"taxonomy":"post_tag","embeddable":true,"href":"https:\/\/zlp-krakow.pl\/index.php?rest_route=%2Fwp%2Fv2%2Ftags&post=4051"}],"curies":[{"name":"wp","href":"https:\/\/api.w.org\/{rel}","templated":true}]}}

<p><a href="https://zlp-krakow.pl/wp-content/uploads/2018/12/Jedynak.jpg"><img loading="lazy" decoding="async" class="alignnone wp-image-4068" src="https://zlp-krakow.pl/wp-content/uploads/2018/12/Jedynak-300x288.jpg" alt="" width="180" height="173" srcset="https://zlp-krakow.pl/wp-content/uploads/2018/12/Jedynak-300x288.jpg 300w, https://zlp-krakow.pl/wp-content/uploads/2018/12/Jedynak-768x738.jpg 768w, https://zlp-krakow.pl/wp-content/uploads/2018/12/Jedynak-1024x985.jpg 1024w, https://zlp-krakow.pl/wp-content/uploads/2018/12/Jedynak-940x904.jpg 940w, https://zlp-krakow.pl/wp-content/uploads/2018/12/Jedynak.jpg 1298w" sizes="auto, (max-width: 180px) 100vw, 180px" /></a></p>
<p><strong>Janusz Jedynak </strong></p>
<p style="text-align: justify;">Urodzony 08.08.1952 r. w Katowicach; debiutował w roku 1996 w Programie II Polskiego Radia w audycji „Czas na debiut”. Pisze wiersze (liryczne, satyryczne, haiku i dla dzieci) oraz opowiadania i artykuły publicystyczne, które publikuje głównie w prasie lokalnej, m.in. w „Gazecie Sądeckiej”, „Znad Popradu”, „Kurierze Starosądeckim”, „Almanachu Sądeckim”. Utwory poetyckie i prozatorskie jego autorstwa znajdują się też w licznych antologiach m.in. w ośmiu książkach Klubu Literackiego „Sądecczyzna”, w publikacjach zbiorowych wydawanych przez Oficynę Konfraterni Poetów w Krakowie, dwóch almanachach ogólnopolskich konkursów literackich i innych. Publikował również w czasopismach literackich m.in. w „Akancie” i „Literacie Krakowskim”. Jest laureatem Ogólnopolskiego Konkursu Poetyckiego „O ludzką twarz człowieka”, „Ogólnopolskiego Konkursu Jednego Haiku”, „O Laur Kwitnącej Wiśni” i innych.</p>
<div>Wydał następujące tomiki poetyckie:</div>
<div>„Cztery pory wiersza”, Wydawnictwo Miniatura, Kraków 1998,</div>
<div>„Listy z Ego”, Katolickie Stowarzyszenie „Civitas Christiana”, Nowy Sącz 2004,</div>
<div>„Drogą w górę drogą w dół”, Katolickie Stowarzyszenie „Civitas Christiana”, Nowy Sącz 2011,</div>
<div>„Na dwa głosy”, Oficyna Konfraterni Poetów, Kraków 2013</div>
<p>&nbsp;</p>
<div><strong>BIEGNĄCY</strong></div>
<div><strong> </strong></div>
<div>biegnący przez pustynię</div>
<div>megalitów o szklanych oczach,</div>
<div>nieostrożnie majstrując przy wieczności,</div>
<div>wyprowadził wzór na zmartwychwstanie</div>
<div>i zaraz umarł na próbę</div>
<div>jakby nie wiedział,</div>
<div>że to bardzo boli takie przebywanie</div>
<div>pod powieką ziemi bez światła,</div>
<div>powietrza i możliwości snucia planów,</div>
<div>choćby tylko, na najbliższą przyszłość</div>
<div>na jeden dzień.</div>
<div>a bieg trwa: autobusem,</div>
<div>tramwajem czy metrem byle dalej,</div>
<div>byle szybciej za czymś co po cichutku,</div>
<div>do przodu wciąż posuwa ktoś</div>
<div>bardziej nieśmiertelny,</div>
<div>szybszy ktoś.</div>
<p>&nbsp;</p>
<div><strong>KONIEC ŚWIATŁA – WEDŁUG STAREJ PALETY</strong></div>
<div><strong> </strong></div>
<div>najpierw wylała się czerń, gęsta  substancja</div>
<div>szybko wypełniała przestrzeń, wchłaniała nas,</div>
<div>nienasycona głębia sięgała wieczności. coraz</div>
<div>bardziej brakowało nam poszumu pędzących</div>
<div>błękitów, chrzęstu zlodowaciałych cząsteczek bieli,</div>
<div>ciepłego oddechu umbry, upudrowanych różem</div>
<div>poranków i malachitowego posmaku deserowych win.</div>
<div>ociekające czarnym pigmentem dni wlokły się</div>
<div>niemiłosiernie z wysiłkiem tocząc pozbawione koloru</div>
<div>chwile. miasto podkurczyło ulice i zapadło w surrealistyczny</div>
<div>sen. somnambuliczne tramwaje, kurczowo trzymając się</div>
<div>szyn, ostrożnie penetrowały ciemność. to miał być koniec</div>
<div>światła, ale stało się coś… nikt nie wie co to mogło być?</div>
<div>obudziło nas głośne  wibrowanie fioletów</div>
<div>– uwięziono czerń – dyszały jasne brązy wspinając się</div>
<div>na grzbiet szarości. ostra krawędź oranżu wykrawała</div>
<div>nowy horyzont nad chorą ultramaryną, z aksamitnej</div>
<div>kurtyny rozfalowanej zieleni wychylał się rąbek magicznego</div>
<div>cynobru  rozsiewając rozedrgane płatki maków. nad nami,</div>
<div>rażąc silnym blaskiem, zawisł żółty laser – końca światła</div>
<div>nie będzie – powiedział głos z góry.</div>
<p>&nbsp;</p>
<p><strong>MARTWA NATURA Z SARNĄ</strong></p>
<div>miasto odpłynęło za ciemny horyzont</div>
<div>nocy. miało się już nic nie wydarzyć,</div>
<div>ale ktoś szedł ulicą, jakiś człowiek</div>
<div>albo duch. a może było inaczej: nikt</div>
<div>nie szedł ulicą, to ulica szła, a nawet</div>
<div>biegła raz w jedną a raz w drugą stronę i</div>
<div>w obie strony jednocześnie. ciebie</div>
<div>nie było jeszcze w żadnym moim śnie,</div>
<div>nawet nie wiedziałem, że jesteś gdzieś</div>
<div>głęboko we mnie, jak mikroskopijna</div>
<div>czarna dziura, coś co może urosnąć,</div>
<div>stać się czymś co będzie chciało</div>
<div>karmić się mną. dlaczego jest tak, że</div>
<div></div>
<div>człowiek musi pożerać siebie, zadawać</div>
<div>sobie ból, kiedy na polanę z betonu</div>
<div>wychodzi liryczna sarna.</div>
<p>&nbsp;</p>
<p><strong>ZWIERZĘCOŚĆ</strong></p>
<div>zwierzęcość zaczyna węszyć.</div>
<div>niepokój z futerału ciemności,</div>
<div>przebił się laserowym żądłem.</div>
<div>niechętnie rozmawiam z ludźmi.</div>
<div>z kompasem bez igły idę do, nikąd.</div>
<div></div>
<div>pod tapczanem tańczy świerszcz,</div>
<div>a może to jest rozdrażniony puls.</div>
<div>chciałem o tym pomyśleć, ale nagle,</div>
<div>pękła struna w starej lutni snu,</div>
<div>obudził się piszący robak. nie,</div>
<div></div>
<div>nie było żadnej rozmowy z wilkiem;</div>
<div>ktoś zadzwonił, ale się nie odezwał.</div>
<div>planeta w telefonicznej sieci kurczy się,</div>
<div>jak wysychająca śliwka. jesteśmy coraz</div>
<div>bliżej siebie – dotykamy się słowami.</div>
<div></div>
<div>pająk pije muchę z muchy.</div>
<div>mucha w pająku truje muchą pająka.</div>
<div>na styku pojęć mieszają się światy.</div>
<div>wyruszyłem żeby zginąć na szlaku.</div>
<div>zwierzęcość węszy, kuli się. drży.</div>
<p>&nbsp;</p>

<p>Janusz Jedynak  Urodzony 08.08.1952 r. w Katowicach; debiutował w roku 1996 w Programie II Polskiego Radia w audycji „Czas na debiut”. Pisze wiersze (liryczne, satyryczne, haiku i dla dzieci) oraz opowiadania i artykuły publicystyczne, które publikuje głównie w prasie lokalnej, &#8230; <a class="more-link" href="https://zlp-krakow.pl/?page_id=4051">Read More &raquo;</a></p>
