{"id":316,"date":"2015-03-06T02:18:30","date_gmt":"2015-03-06T01:18:30","guid":{"rendered":"http:\/\/zlp-krakow.org\/?page_id=316"},"modified":"2016-04-15T12:01:25","modified_gmt":"2016-04-15T10:01:25","slug":"kawalec-julian","status":"publish","type":"page","link":"https:\/\/zlp-krakow.pl\/?page_id=316","title":{"rendered":"Julian Kawalec"},"content":{"rendered":"<p><a href=\"https:\/\/zlp-krakow.pl\/wp-content\/uploads\/2016\/04\/Julian-Kawalec.jpg\"><img loading=\"lazy\" decoding=\"async\" class=\"alignnone size-full wp-image-2385\" src=\"https:\/\/zlp-krakow.pl\/wp-content\/uploads\/2016\/04\/Julian-Kawalec.jpg\" alt=\"Julian Kawalec\" width=\"150\" height=\"200\" \/><\/a><\/p>\n<p><span class=\"tytul\" style=\"font-family: georgia,palatino,serif; font-size: 14pt;\">Julian Kawalec<\/span><\/p>\n<div class=\"tekstnormal\">Prozaik, poeta, publicysta w latach 1987 \u2013 1989 prezes Krakowskiego Oddzia\u0142u ZLP. Cz\u0142onek PEN-Clubu i Stowarzyszenia Kultury Europejskiej. Jego opowiadania, reporta\u017ce i artyku\u0142y publikowane by\u0142y im.in. W \u201eKulturze\u201d, \u201eMiesi\u0119czniku Literackim \u201e, \u201eNowej Kulturze\u201d, \u201eOdrze\u201d.Jest autorem powie\u015bci, w\u015br\u00f3d kt\u00f3rych najwi\u0119kszy rozg\u0142os zyska\u0142y:<br \/>\n\u201eZiemi przypisany\u201d (1962, Nagroda Wydawc\u00f3w, Nagroda I stopnia ministra kultury i sztuki, ekranizacja: G\u0142os ma prokurator, re\u017c W. Haupe, 1965),<br \/>\n\u201eW s\u0142o\u0144cu\u201d (1962; I nagroda ZLP i LSW),<br \/>\n\u201eTa\u0144cz\u0105cy jastrz\u0105b\u201d (1964; nagroda I stopnia ministra kultury i sztuki, ekranizacja 1977, re\u017c. G. Kr\u00f3likiewicz),<br \/>\n\u201eMarsz weselny\u201d (1966; nagroda I stopnia ministra kultury i sztuki),<br \/>\nWezwanie (1968), ekranizacja W. Solarz, 1970).Dotychczas opublikowa\u0142 zbiory poetyckie:<br \/>\n\u201eKochany smutek\u201d (1993),<br \/>\n\u201eDom\u201d (1996),<br \/>\n\u201eKochaj mnie za nic\u201d (2003)<br \/>\n\u201e\u017beby ci\u0119 poch\u0142one\u0142o \u017cycie\u201d (2004; proza i poezja)<br \/>\n&#8222;POWR\u00d3T Z NIEBA&#8221; i inne utwory (2008)<br \/>\n&#8222;CZERWONYM SZLAKIEM NA TURBACZ&#8221; wyb\u00f3r utwor\u00f3w (2009)<\/div>\n<p>&nbsp;<\/p>\n<p><span class=\"tekstbold\">W MUZEUM<\/span><\/p>\n<p><span class=\"tekstwiersz\">Przyszli do muzeum<br \/>\nPodziwiaj\u0105 rze\u017ab\u0119 starca<br \/>\nWykut\u0105 w granicie<br \/>\nJaki pi\u0119kny<br \/>\nWprost cudowny jest ten jego garb<br \/>\nJak m\u0119\u017cnie go d\u017awiga<br \/>\nJak wspaniale niemrawe s\u0105 jego nogi<br \/>\nJak doskonale bezw\u0142adne r\u0119ce<br \/>\nA ta jego twarz<br \/>\nTak cudownie zniszczona<br \/>\nOczy w dusz\u0119 cofni\u0119te<br \/>\nPatrz\u0105<br \/>\nZ pewno\u015bci\u0105 widz\u0105<\/span><\/p>\n<p><span class=\"tekstwiersz\">On \u017cyje\u00a0&#8211; powtarzali nieustannie<br \/>\nPatrz\u0105c na rze\u017ab\u0119 starca w muzeum<br \/>\nA\u017c mu wm\u00f3wili to \u017cycie<br \/>\nPoruszy si\u0119, przemierzy\u0142 ca\u0142\u0105 sal\u0119<br \/>\nI zszed\u0142 ze schod\u00f3w<br \/>\nWydosta\u0142 si\u0119 z gmachu<br \/>\nI od razu znalaz\u0142 si\u0119 na rynku<br \/>\nMrowie ludzi, ka\u017cdy si\u0119 \u015bpieszy<br \/>\nZaczynaj\u0105 go potr\u0105ca\u0107<br \/>\nKto\u015b nadepn\u0105\u0142 mu na stop\u0119<br \/>\nKto\u015b krzykn\u0105\u0142 ze z\u0142o\u015bci\u0105<br \/>\nWyno\u015b si\u0119 z rynku stary ciemi\u0119go<br \/>\nNic tu po tobie, wracaj do muzeum<\/span><\/p>\n<p><span class=\"tekstwiersz\">Pow\u0119drowa\u0142 do rodzinnego domu<br \/>\nPrzest\u0105pi\u0142 pr\u00f3g i s\u0142yszy<br \/>\n&#8211; Patrzcie, dziadek wr\u00f3ci\u0142<br \/>\nCo za nieszcz\u0119\u015bcie<br \/>\nI zaraz\u00a0&#8211; \u0142\u00f3\u017cko twoje wyniesione<br \/>\n\u0141achy spalone<br \/>\n\u0141awka por\u0105bana, miska wyrzucona<br \/>\nZrobisz lepiej, gdy wr\u00f3cisz do muzeum<br \/>\nWidzisz jak jest<\/span><\/p>\n<p><span class=\"tekstwiersz\">No to wr\u00f3ci\u0142<br \/>\nStoi na swoim miejscu<br \/>\nW du\u017cej sali, jest jak by\u0142o<br \/>\nTylko to si\u0119 zmieni\u0142o<br \/>\n\u017be co rano<br \/>\nTrzeba mu flanelowa \u015bciereczk\u0105<br \/>\nWyciera\u0107 twarz<br \/>\nBo pop\u0142akuje w nocy<\/span><\/p>\n","protected":false},"excerpt":{"rendered":"<p>Julian Kawalec Prozaik, poeta, publicysta w latach 1987 \u2013 1989 prezes Krakowskiego Oddzia\u0142u ZLP. Cz\u0142onek PEN-Clubu i Stowarzyszenia Kultury Europejskiej. Jego opowiadania, reporta\u017ce i artyku\u0142y publikowane by\u0142y im.in. W \u201eKulturze\u201d, \u201eMiesi\u0119czniku Literackim \u201e, \u201eNowej Kulturze\u201d, \u201eOdrze\u201d.Jest autorem powie\u015bci, w\u015br\u00f3d kt\u00f3rych &#8230; <a class=\"more-link\" href=\"https:\/\/zlp-krakow.pl\/?page_id=316\">Read More &raquo;<\/a><\/p>\n","protected":false},"author":1,"featured_media":0,"parent":56,"menu_order":0,"comment_status":"closed","ping_status":"closed","template":"","meta":{"footnotes":""},"categories":[4],"tags":[],"class_list":["post-316","page","type-page","status-publish","hentry","category-byli-wsrod-nas"],"_links":{"self":[{"href":"https:\/\/zlp-krakow.pl\/index.php?rest_route=\/wp\/v2\/pages\/316","targetHints":{"allow":["GET"]}}],"collection":[{"href":"https:\/\/zlp-krakow.pl\/index.php?rest_route=\/wp\/v2\/pages"}],"about":[{"href":"https:\/\/zlp-krakow.pl\/index.php?rest_route=\/wp\/v2\/types\/page"}],"author":[{"embeddable":true,"href":"https:\/\/zlp-krakow.pl\/index.php?rest_route=\/wp\/v2\/users\/1"}],"replies":[{"embeddable":true,"href":"https:\/\/zlp-krakow.pl\/index.php?rest_route=%2Fwp%2Fv2%2Fcomments&post=316"}],"version-history":[{"count":9,"href":"https:\/\/zlp-krakow.pl\/index.php?rest_route=\/wp\/v2\/pages\/316\/revisions"}],"predecessor-version":[{"id":2387,"href":"https:\/\/zlp-krakow.pl\/index.php?rest_route=\/wp\/v2\/pages\/316\/revisions\/2387"}],"up":[{"embeddable":true,"href":"https:\/\/zlp-krakow.pl\/index.php?rest_route=\/wp\/v2\/pages\/56"}],"wp:attachment":[{"href":"https:\/\/zlp-krakow.pl\/index.php?rest_route=%2Fwp%2Fv2%2Fmedia&parent=316"}],"wp:term":[{"taxonomy":"category","embeddable":true,"href":"https:\/\/zlp-krakow.pl\/index.php?rest_route=%2Fwp%2Fv2%2Fcategories&post=316"},{"taxonomy":"post_tag","embeddable":true,"href":"https:\/\/zlp-krakow.pl\/index.php?rest_route=%2Fwp%2Fv2%2Ftags&post=316"}],"curies":[{"name":"wp","href":"https:\/\/api.w.org\/{rel}","templated":true}]}}