{"id":282,"date":"2015-03-06T01:43:16","date_gmt":"2015-03-06T00:43:16","guid":{"rendered":"http:\/\/zlp-krakow.org\/?page_id=282"},"modified":"2018-06-06T00:59:47","modified_gmt":"2018-06-05T22:59:47","slug":"wietrzny-hanna","status":"publish","type":"page","link":"https:\/\/zlp-krakow.pl\/?page_id=282","title":{"rendered":"Hanna Wietrzny"},"content":{"rendered":"<p><a href=\"https:\/\/zlp-krakow.pl\/wp-content\/uploads\/2018\/06\/Hanna-Wietrzny-na-str.-OK.jpg\"><img loading=\"lazy\" decoding=\"async\" class=\"alignnone wp-image-3804\" src=\"https:\/\/zlp-krakow.pl\/wp-content\/uploads\/2018\/06\/Hanna-Wietrzny-na-str.-OK-198x300.jpg\" alt=\"\" width=\"160\" height=\"243\" srcset=\"https:\/\/zlp-krakow.pl\/wp-content\/uploads\/2018\/06\/Hanna-Wietrzny-na-str.-OK-198x300.jpg 198w, https:\/\/zlp-krakow.pl\/wp-content\/uploads\/2018\/06\/Hanna-Wietrzny-na-str.-OK-768x1165.jpg 768w, https:\/\/zlp-krakow.pl\/wp-content\/uploads\/2018\/06\/Hanna-Wietrzny-na-str.-OK-675x1024.jpg 675w, https:\/\/zlp-krakow.pl\/wp-content\/uploads\/2018\/06\/Hanna-Wietrzny-na-str.-OK-940x1426.jpg 940w\" sizes=\"auto, (max-width: 160px) 100vw, 160px\" \/><\/a><\/p>\n<p><strong>Hanna Wietrzny<\/strong><\/p>\n<p style=\"text-align: justify;\">Poetka, prozaik, z zawodu aktorka. Uko\u0144czy\u0142a Pa\u0144stwow\u0105 Wy\u017csz\u0105 Szko\u0142\u0119 Teatraln\u0105 w Krakowie. Gra\u0142a w Teatrze Ziemi Krakowskiej w Tarnowie, Teatrze im. Wyspia\u0144skiego w Katowicach, Teatrze Starym im. Heleny Modrzejewskiej w Krakowie, Teatrze Ludowym w Nowej Hucie, Teatrze Akne.<br \/>\nCz\u0142onkini Stowarzyszenia Tw\u00f3rczego Artystyczno \u2013 Literackiego i\u00a0 Zwi\u0105zku Literat\u00f3w Polskich od 1995 roku, oraz cz\u0142onek ZAiKS-u i Zwi\u0105zku Artyst\u00f3w Scen Polskich. Debiutowa\u0142a we \u201eWsp\u00f3\u0142czesno\u015bci\u201d w 1969 roku, publikowa\u0142a w\u201d Dekadzie Literackiej \u201d, \u201eZiemi Kozienickiej\u201d, \u201eMagdalence Literackiej\u201d, \u201eMetaforze\u201d,\u201dZielonych Brygadach\u201d, \u201eKulturze\u201d, \u201e\u017byciu Literackim\u201d, \u201eSuplemencie\u201d, \u201ePolish Daily News\u201d z Nowego Jorku, w \u201ePoezji dzisiaj\u201d, w \u201eArkadzie,\u201ew \u201eProzie, prozie, prozie\u201d , w \u201eLiteracie Krakowskim\u201d i wielu almanachach.<br \/>\nStypendystka miasta Krakowa z 1986 roku. Odznaczona medalem Honoris Gratia \u2013 zas\u0142u\u017conym dla miasta Krakowa w 2013 roku.<br \/>\n<strong>Wyda\u0142a tomiki wierszy:<\/strong><\/p>\n<p>Plecak nadziei \u2013 1994<br \/>\nTa\u0144cz\u0105ce lato\u00a0\u00a0 \u2013 1995<br \/>\nP\u0142omyk pami\u0119ci \u2013 1996<br \/>\nCz\u0142owieczy pejza\u017c \u2013 1997<br \/>\n\u0141\u0105ka przebi\u015bnieg\u00f3w \u2013 1997<br \/>\nCzas Orfeusza \u2013\u00a0 1998<br \/>\nPowr\u00f3ci\u0107 ptakiem\u00a0 \u20131999<br \/>\n(Return as a bird)<br \/>\nWyb\u00f3r wierszy:\u00a0\u00a0\u00a0\u00a0\u00a0 &#8211; 2013<\/p>\n<p>&#8221;Z \u0142y\u017ck\u0105 clowna przez los&#8221;<\/p>\n<p><strong>Opowiadania :<\/strong><\/p>\n<p>Twarze Ewy \u2013 1996<br \/>\nPrzeznaczenie \u2013 1997<\/p>\n<p><strong>Trzy sztuki teatralne po premierze :<br \/>\n<\/strong>\u201eTarot\u201d<br \/>\n\u201eNagroda &#8211; czyli zwariowany dzie\u0144\u201d<br \/>\n\u201e Raj\u201d wg. Alberta Morawi<br \/>\n<strong>Jest\u00a0 autork\u0105 dziesi\u0119ciu sztuk teatralnych, kt\u00f3re w 2013 roku ukaza\u0142y si\u0119 w zbiorze pt \u201eZmory clowna \u2013 czyli pr\u00f3ba generalna\u201d.<\/strong><\/p>\n<p><strong>Zagra\u0142a wiele r\u00f3l mi\u0119dzy innymi: Al\u0119 w \u201eTangu\u201d S. Mro\u017cka w re\u017cyserii J. Jarockiego w Teatrze Starym w Krakowie.<\/strong><\/p>\n<div><strong><span style=\"font-size: 12pt;\">DZIECIOM XXI WIEKU\u00a0<\/span><br \/>\nI<\/strong><br \/>\nWy, kt\u00f3rzy urodzicie si\u0119 jutro<\/div>\n<div>\u00a0\u00a0\u00a0 i Ci co chwil\u0119<\/div>\n<div>wcze\u015bniej<\/div>\n<div>\u00a0\u00a0\u00a0\u00a0 i co chwil\u0119<\/div>\n<div>p\u00f3\u017aniej<\/div>\n<div>przyjdziecie na<\/div>\n<div>\u015bwiat<\/div>\n<div>\u00a0\u00a0\u00a0\u00a0\u00a0\u00a0 w kraju bez \u0142ez i<\/div>\n<div>poni\u017cania<\/div>\n<div>pami\u0119tajcie o<\/div>\n<div>nas<\/div>\n<div>\u00a0\u00a0\u00a0\u00a0\u00a0 o tych kt\u00f3rzy<\/div>\n<div>przyszli<\/div>\n<div>wojennymi<\/div>\n<div>laty<\/div>\n<div>\u00a0 \u00a0\u00a0\u00a0\u00a0kt\u00f3rzy dzi\u015b<\/div>\n<div>odchodz\u0105<\/div>\n<div>\u00a0\u00a0\u00a0\u00a0\u00a0\u00a0\u00a0 i o tych co chwil\u0119<\/div>\n<div>wcze\u015bniej<\/div>\n<div>\u00a0\u00a0\u00a0\u00a0\u00a0\u00a0\u00a0\u00a0 i co chwil\u0119<\/div>\n<div>p\u00f3\u017aniej<\/div>\n<div>dzielili los<\/div>\n<div>doros\u0142ych<\/div>\n<div>\u00a0\u00a0\u00a0\u00a0\u00a0\u00a0\u00a0 w obozach<\/div>\n<div>zag\u0142ady<\/div>\n<div>\u00a0\u00a0\u00a0\u00a0 w wagonach z<\/div>\n<div>lodu<\/div>\n<div>wiezieni<\/div>\n<div>na Sybir<\/div>\n<div>\u00a0\u00a0\u00a0\u00a0 o tych co w<\/div>\n<div>gettach<\/div>\n<div>\u00a0\u00a0\u00a0 \u00a0\u00a0w komorach<\/div>\n<div>gazowych<\/div>\n<div>stali si\u0119<\/div>\n<div>prochem<\/div>\n<div>\u00a0\u00a0\u00a0\u00a0\u00a0\u00a0\u00a0 wy<\/div>\n<div>pami\u0119tajcie<\/div>\n<div>\u00a0\u00a0\u00a0\u00a0\u00a0\u00a0\u00a0\u00a0\u00a0\u00a0bawi\u0105c si\u0119<\/div>\n<div>lalkami<\/div>\n<div>jedz\u0105c do<\/div>\n<div>syta<\/div>\n<div>rado\u015bnie<\/div>\n<div>\u015bpiewaj\u0105c<\/div>\n<div>pami\u0119tajcie o<\/div>\n<div>tych<\/div>\n<div>kt\u00f3rym<\/div>\n<div>zabrano<\/div>\n<div>dzieci\u0144stwo,<\/div>\n<div>\u017cycie<\/div>\n<div>\u00a0i<\/div>\n<div>wiar\u0119 w cz\u0142owieka<br \/>\n31.08.2009 r.<\/div>\n<div>\n<p><strong>II<\/strong><\/p>\n<p>wy kt\u00f3rzy urodzicie si\u0119 jutro<br \/>\ni ci co chwil\u0119 wcze\u015bniej<br \/>\ni co chwil\u0119 p\u00f3\u017aniej<br \/>\ni wy dzi\u015b si\u0119 rodz\u0105cy<br \/>\nw z\u0142\u0105czonej Europie<br \/>\nzapami\u0119tajcie Golgot\u0119 Wschodu<br \/>\nKaty\u0144, Miednoje, Chark\u00f3w<br \/>\nnaszych braci obro\u0144c\u00f3w Ojczyzny<br \/>\nkt\u00f3rym z r\u0119kami zdrutowanymi<br \/>\nstrza\u0142em w ty\u0142 g\u0142owy<br \/>\nodebrano \u017cycie<br \/>\npami\u0119tajcie o naszych siostrach i braciach<br \/>\nco zamarzli<br \/>\nw poci\u0105gach na Sybir<br \/>\nPami\u0119tajcie o tych<br \/>\nco pozostali<br \/>\npo tamtej stronie<br \/>\nbez grob\u00f3w, bez domu<br \/>\ni pami\u0119tajcie, \u017ce bracia<br \/>\nLECH, CZECH i RUS to mit<\/p>\n<p>pomi\u0119dzy Germanem a Rusem<br \/>\nstrze\u017ccie wasze dzieci<br \/>\ni starc\u00f3w waszych<br \/>\ni m\u0119\u017cczyzn i matki strze\u017ccie<\/p>\n<p>bo nigdy Niemiec<br \/>\nnie b\u0119dzie wam bratem<br \/>\nani Rus nigdy<br \/>\nzawsze tylko\u00a0 katem<br \/>\n1.09.2009<\/p>\n<\/div>\n<p>1.09.2009<\/p>\n<div><span style=\"font-size: 12pt;\"><strong>\u00a0 * * *<\/strong><\/span><\/div>\n<div><\/div>\n<div>co to za nar\u00f3d<\/div>\n<div>ten rosyjski nowy<\/div>\n<div>ten wrzeszcz\u0105cy heil<\/div>\n<div>i ich nowy raj<\/div>\n<div>ten co zn\u00f3w ma cara<\/div>\n<div><\/div>\n<div>Rosja Stalina Rosja Putina<\/div>\n<div>do nagrody p o k o j o w e j<\/div>\n<div>przedstawiony za co<\/div>\n<div>ten nar\u00f3d \u015bni sen o pot\u0119dze<\/div>\n<div>ten nar\u00f3d \u015bpi<\/div>\n<div><\/div>\n<div>my\u015bmy te\u017c spali<\/div>\n<div>gdy Oseti\u0119 brali<\/div>\n<div>i Czeczeni\u0119 i &#8230;i&#8230;i<\/div>\n<div>a teraz Krym<\/div>\n<div>wi\u0119c \u015bpijmy dalej<\/div>\n<div><\/div>\n<div>a im ci\u0105gle ma\u0142o<\/div>\n<div>chocia\u017c m\u00f3j Bo\u017ce<\/div>\n<div>Lebens Raum maj\u0105<\/div>\n<div>niezamieszka\u0142\u0105<\/div>\n<div>ugorem le\u017c\u0105c\u0105<\/div>\n<div>chwastem obsian\u0105<\/div>\n<div><\/div>\n<div>co wam da\u0142 ten<\/div>\n<div>od z\u0142otych<\/div>\n<div>klamek i daczy<\/div>\n<div>w\u015br\u00f3d n\u0119dzarzy kr\u00f3l<\/div>\n<div><\/div>\n<div>nam b\u00f3l<\/div>\n<div>szto wy wsio zabyli<\/div>\n<div>kiedy Krym pokryli<\/div>\n<div>synowie wasi<\/div>\n<div><\/div>\n<div>a Alaska w planie<\/div>\n<div>bo a nu\u017c tam z\u0142oto<\/div>\n<div>uran i gaz<\/div>\n<div>i naftolica panna<\/div>\n<div><\/div>\n<div>i gromkie uurraaaa<\/div>\n<div>dla tego diab\u0142a<\/div>\n<div>co spokoju nie da<\/div>\n<div>by cho\u0107 przez chwil\u0119<\/div>\n<div>poczu\u0107 si\u0119 w\u0142adc\u0105<\/div>\n<div>i Ziemi i&#8230; Nieba<\/div>\n<div>i wszystkich dusz<\/div>\n<div><\/div>\n<div>Ukraino<\/div>\n<div>okowy krusz<\/div>\n<div>Unio<\/div>\n<div>rusz si\u0119 rusz\u00a0\u00a0\u00a0\u00a0\u00a0\u00a0\u00a0\u00a0\u00a0\u00a0\u00a0\u00a0 <em>\u00a05 marca 2015<\/em><\/div>\n<div><em>\u00a0<\/em><\/div>\n<div><span style=\"font-size: 14pt;\"><strong><span style=\"font-size: 12pt;\">Wirtuoz<\/span> <\/strong><\/span><\/div>\n<div><strong>\u00a0\u00a0\u00a0\u00a0\u00a0\u00a0\u00a0\u00a0 <\/strong><em>\u00a0\u00a0\u00a0<\/em><\/div>\n<div><em>\u00a0\u00a0\u00a0\u00a0\u00a0\u00a0\u00a0\u00a0\u00a0\u00a0\u00a0\u00a0 Iwo Pogoreli\u010dovi<\/em><\/div>\n<div><em>\u00a0<\/em><\/div>\n<div>jak s\u0119p spadasz na klawiatur\u0119<\/div>\n<div>palce palce palce<\/div>\n<div>d\u017awi\u0119k akord<\/div>\n<div>i cisza cisza cisza<\/div>\n<div>powoli podnosi si\u0119 mazurkiem piano<\/div>\n<div>Twoje gorej\u0105ce wspomnienie lata<\/div>\n<div>wiosenne szeptanie \u015bpiewanie<\/div>\n<div>jesienne j\u0119kiem\u00a0 i p\u0142aczem wo\u0142anie<\/div>\n<div>szumisz szele\u015bcisz \u0107wierkasz pohukujesz<\/div>\n<div>i w tej wspania\u0142ej d\u017awi\u0119k\u00f3w zawierusze<\/div>\n<div>wskrzeszasz umar\u0142y czas<\/div>\n<div><\/div>\n<div>graj graj niech dusza gra<\/div>\n<div>palcami wyczaruje wyd\u017awi\u0119czy<\/div>\n<div>i poniesie przestrzeni\u0105 w \u015bwiat<\/div>\n<div>koncert na ta\u0144cz\u0105ce r\u0119ce\u00a0\u00a0\u00a0\u00a0\u00a0\u00a0\u00a0\u00a0\u00a0\u00a0\u00a0\u00a0\u00a0\u00a0\u00a0\u00a0 <em>\u00a01997<\/em><\/div>\n<div><em>\u00a0<\/em><\/div>\n<div><span style=\"font-size: 12pt;\"><strong>Dni\u00a0 Miesi\u0105ce\u00a0 Lata<\/strong><\/span><\/div>\n<div><strong>\u00a0\u00a0\u00a0\u00a0\u00a0\u00a0\u00a0\u00a0\u00a0\u00a0\u00a0\u00a0\u00a0\u00a0\u00a0\u00a0\u00a0 <\/strong><em>\u00a0\u00a0\u00a0<\/em><\/div>\n<div><em>\u00a0\u00a0\u00a0\u00a0\u00a0\u00a0\u00a0\u00a0\u00a0\u00a0\u00a0\u00a0\u00a0\u00a0\u00a0\u00a0 Mojemu Pokoleniu <\/em><\/div>\n<div><em>\u00a0<\/em><\/div>\n<div>otwiera\u0142a si\u0119 ksi\u0119ga \u017cycia<\/div>\n<div>tu\u017c przed wybuchem<\/div>\n<div>w po\u0142owie XX wieku<\/div>\n<div>w 25 lat po pierwszym<\/div>\n<div><\/div>\n<div>oczy nasze oczy kt\u00f3re zobaczy\u0142y diab\u0142a<\/div>\n<div>ze swastyk\u0105<\/div>\n<div>i biesa z czerwon\u0105 gwiazd\u0105<\/div>\n<div>na czapce<\/div>\n<div>widzia\u0142y \u0141agry Obozy i Getta<\/div>\n<div>dymy krematori\u00f3w<\/div>\n<div>\u017c\u00f3\u0142t\u0105 gwiazd\u0119 poha\u0144bion\u0105<\/div>\n<div>Katy\u0144 Miednoje Chark\u00f3w<\/div>\n<div>s\u0105siad\u00f3w pijanych mordem<\/div>\n<div>Wo\u0142y\u0144 polsk\u0105 krwi\u0105 nasi\u0105kni\u0119ty<\/div>\n<div>zag\u0142ad\u0119 Hiroszimy i Nagasaki<\/div>\n<div>czo\u0142gi wyzwolicieli<\/div>\n<div>sp\u00f3\u017anione dla walcz\u0105cej Warszawy<\/div>\n<div>nowego zniewolenia bog\u00f3w<\/div>\n<div><\/div>\n<div>i widzia\u0142y<\/div>\n<div>kroki cz\u0142owieka na Ksi\u0119\u017cycu<\/div>\n<div>ale i gin\u0105c\u0105 \u0141ajk\u0119<\/div>\n<div>Hradec Kralove wstydu<\/div>\n<div>\u015bmier\u0107 Czarnobyla i Fukushimy<\/div>\n<div>nowych tyran\u00f3w narodziny<\/div>\n<div>i nowe miliony istnie\u0144 zabijanych<\/div>\n<div>w imi\u0119 wolno\u015bci k\u0142amliwej<\/div>\n<div><\/div>\n<div>nasze oczy widzia\u0142y<\/div>\n<div>Pozna\u0144 w Czerwcu 56<\/div>\n<div>i Polak\u00f3w w Pa\u017adzierniku<\/div>\n<div>Bram\u0119 Stoczni w Grudniu<\/div>\n<div>Bram\u0119 Stoczni w Sierpniu<\/div>\n<div>i Bram\u0119 Stoczni zamkni\u0119t\u0105<\/div>\n<div>przez niepami\u0119\u0107 pami\u0119ci<\/div>\n<div>\u015bmier\u0107 Casy<\/div>\n<div>i Smole\u0144ska Ofiary<\/div>\n<div>memento Czelabi\u0144ska<\/div>\n<div>i aneksj\u0119 Krymu<\/div>\n<div>przez spadkobierc\u00f3w \u0141agr\u00f3w<\/div>\n<div>i \u0142apczywy nar\u00f3d<\/div>\n<div>nieruchawo\u015b\u0107 \u015bwiata<\/div>\n<div>w obronie s\u0142abszych Wsp\u00f3\u0142obywateli<\/div>\n<div>strach przed nowym biesodiab\u0142em<\/div>\n<div>i synami Islamu<\/div>\n<div>w imi\u0119 Allaha morduj\u0105cych<\/div>\n<div>niewyobra\u017calne wyniszczanie<\/div>\n<div>Braci Mniejszych<\/div>\n<div>i p\u0142acz Ziemi<\/div>\n<div><\/div>\n<div>ale oczy nasze widzia\u0142y<\/div>\n<div>wyb\u00f3r Polaka na Stolic\u0119 Piotrow\u0105<\/div>\n<div>Jego Wielki Pontyfikat<\/div>\n<div>staro\u015b\u0107 na drzewie b\u00f3lu i \u015bmierci<\/div>\n<div>i Testament ubogiego mieniem<\/div>\n<div>bogatego duchem<\/div>\n<div>Santo Subito w czasie pogrzebu<\/div>\n<div>b\u0142ogos\u0142awie\u0144stwo Totus Tuus<\/div>\n<div>i zobaczy\u0142y \u015bwi\u0119to\u015b\u0107 Tego<\/div>\n<div>kt\u00f3ry pozosta\u0142 Cz\u0142owiekiem<\/div>\n<div><\/div>\n<div>czy nas os\u0142oni<\/div>\n<div>przed nast\u0119pnym wybuchem<\/div>\n<div><\/div>\n<div>zamyka si\u0119 ksi\u0119ga \u017cycia<\/div>\n<div>Pokolenia kt\u00f3re widzia\u0142o<\/div>\n<div>ale nikt nie s\u0142ucha\u0142<\/div>\n<div>Jego pami\u0119ci historii<\/div>\n<div>i Tamtych Ducha zapomnia\u0142<\/div>\n<div>g\u0142ucha cisza po naszych s\u0142owach<\/div>\n<div><\/div>\n<div>a po nas POTOP\u00a0\u00a0\u00a0\u00a0\u00a0 <em>\u00a0\u00a0\u00a0\u00a0\u00a0\u00a0\u00a0<\/em><\/div>\n<div><em>kwiecie\u0144 2014 <\/em><\/div>\n<div>\n<hr \/>\n<\/div>\n<p><em><a href=\"https:\/\/zlp-krakow.pl\/wp-content\/uploads\/2018\/05\/H.-Wietrzny-jubileusz.jpg\"><img loading=\"lazy\" decoding=\"async\" class=\"alignnone wp-image-3790\" src=\"https:\/\/zlp-krakow.pl\/wp-content\/uploads\/2018\/05\/H.-Wietrzny-jubileusz-300x203.jpg\" alt=\"\" width=\"630\" height=\"426\" srcset=\"https:\/\/zlp-krakow.pl\/wp-content\/uploads\/2018\/05\/H.-Wietrzny-jubileusz-300x203.jpg 300w, https:\/\/zlp-krakow.pl\/wp-content\/uploads\/2018\/05\/H.-Wietrzny-jubileusz-768x519.jpg 768w, https:\/\/zlp-krakow.pl\/wp-content\/uploads\/2018\/05\/H.-Wietrzny-jubileusz-1024x692.jpg 1024w, https:\/\/zlp-krakow.pl\/wp-content\/uploads\/2018\/05\/H.-Wietrzny-jubileusz-940x635.jpg 940w\" sizes=\"auto, (max-width: 630px) 100vw, 630px\" \/><\/a><br \/>\n<\/em><\/p>\n","protected":false},"excerpt":{"rendered":"<p>Hanna Wietrzny Poetka, prozaik, z zawodu aktorka. Uko\u0144czy\u0142a Pa\u0144stwow\u0105 Wy\u017csz\u0105 Szko\u0142\u0119 Teatraln\u0105 w Krakowie. Gra\u0142a w Teatrze Ziemi Krakowskiej w Tarnowie, Teatrze im. Wyspia\u0144skiego w Katowicach, Teatrze Starym im. Heleny Modrzejewskiej w Krakowie, Teatrze Ludowym w Nowej Hucie, Teatrze Akne. &#8230; <a class=\"more-link\" href=\"https:\/\/zlp-krakow.pl\/?page_id=282\">Read More &raquo;<\/a><\/p>\n","protected":false},"author":1,"featured_media":0,"parent":51,"menu_order":0,"comment_status":"closed","ping_status":"closed","template":"","meta":{"footnotes":""},"categories":[2],"tags":[],"class_list":["post-282","page","type-page","status-publish","hentry","category-czlonkowie"],"_links":{"self":[{"href":"https:\/\/zlp-krakow.pl\/index.php?rest_route=\/wp\/v2\/pages\/282","targetHints":{"allow":["GET"]}}],"collection":[{"href":"https:\/\/zlp-krakow.pl\/index.php?rest_route=\/wp\/v2\/pages"}],"about":[{"href":"https:\/\/zlp-krakow.pl\/index.php?rest_route=\/wp\/v2\/types\/page"}],"author":[{"embeddable":true,"href":"https:\/\/zlp-krakow.pl\/index.php?rest_route=\/wp\/v2\/users\/1"}],"replies":[{"embeddable":true,"href":"https:\/\/zlp-krakow.pl\/index.php?rest_route=%2Fwp%2Fv2%2Fcomments&post=282"}],"version-history":[{"count":14,"href":"https:\/\/zlp-krakow.pl\/index.php?rest_route=\/wp\/v2\/pages\/282\/revisions"}],"predecessor-version":[{"id":3806,"href":"https:\/\/zlp-krakow.pl\/index.php?rest_route=\/wp\/v2\/pages\/282\/revisions\/3806"}],"up":[{"embeddable":true,"href":"https:\/\/zlp-krakow.pl\/index.php?rest_route=\/wp\/v2\/pages\/51"}],"wp:attachment":[{"href":"https:\/\/zlp-krakow.pl\/index.php?rest_route=%2Fwp%2Fv2%2Fmedia&parent=282"}],"wp:term":[{"taxonomy":"category","embeddable":true,"href":"https:\/\/zlp-krakow.pl\/index.php?rest_route=%2Fwp%2Fv2%2Fcategories&post=282"},{"taxonomy":"post_tag","embeddable":true,"href":"https:\/\/zlp-krakow.pl\/index.php?rest_route=%2Fwp%2Fv2%2Ftags&post=282"}],"curies":[{"name":"wp","href":"https:\/\/api.w.org\/{rel}","templated":true}]}}