{"id":280,"date":"2015-03-06T01:42:57","date_gmt":"2015-03-06T00:42:57","guid":{"rendered":"http:\/\/zlp-krakow.org\/?page_id=280"},"modified":"2015-03-23T11:04:46","modified_gmt":"2015-03-23T10:04:46","slug":"walter-andrzej","status":"publish","type":"page","link":"https:\/\/zlp-krakow.pl\/?page_id=280","title":{"rendered":"Andrzej Walter"},"content":{"rendered":"<p><a href=\"https:\/\/zlp-krakow.pl\/wp-content\/uploads\/2015\/03\/Andrzej-Walter-fotgrafia.jpg\"><img loading=\"lazy\" decoding=\"async\" class=\"alignnone size-medium wp-image-638\" src=\"https:\/\/zlp-krakow.pl\/wp-content\/uploads\/2015\/03\/Andrzej-Walter-fotgrafia-274x300.jpg\" alt=\"Andrzej Walter - fotgrafia\" width=\"274\" height=\"300\" \/><\/a><\/p>\n<p><strong>Andrzej Walter<\/strong> &#8211; ur.1969 r. w Zabrzu, absolwent Uniwersytetu Ekonomicznego w Katowicach, mieszka i pracuje w Gliwicach, doradca podatkowy, w\u0142a\u015bciciel renomowanej gliwickiej kancelarii podatkowej.<\/p>\n<p>Poeta, fotografik i publicysta, juror konkurs\u00f3w poezji, autor tekst\u00f3w krytyczno-literackich, cz\u0142onek redakcji E-tygodnika literackiego Pisarze.pl oraz Cz\u0142onek Zarz\u0105du Krakowskiego Oddzia\u0142u Zwi\u0105zku Literat\u00f3w Polskich. Juror Kapitu\u0142y Nagrody Literackiej Z\u0142otej R\u00f3\u017cy im. Jaros\u0142awa Zieli\u0144skiego dla poet\u00f3w, kt\u00f3rzy nie uko\u0144czyli 40 roku \u017cycia.<\/p>\n<p>Autorska strona internetowa pod adresem \u2013 www.andrzejwalter.pl<\/p>\n<p>Do tej pory opublikowa\u0142 sze\u015b\u0107 tom\u00f3w poezji:<\/p>\n<ul>\n<li>\u201ePary\u017c\u201d, 2003.<\/li>\n<li>\u201eMi\u0142o\u015b\u0107\u201d, 2007.<\/li>\n<li>\u201eTam gdzie zebra\u0142em poziomki\u201d, 2010.<\/li>\n<li>\u201ePunkt rzeczy znalezionych\u201d, 2011.<\/li>\n<li>\u201e\u015amier\u0107 bog\u00f3w\u201d, 2012.<\/li>\n<li>\u201ePesel\u201d, 2013.<\/li>\n<\/ul>\n<p>W roku 2014 ukaza\u0142 si\u0119 nak\u0142adem Wydawnictwa Adama Marsza\u0142ka w Toruniu wyb\u00f3r poezji zatytu\u0142owany \u201eNiepok\u00f3j horyzontu &#8211; wiersze wybrane 2002-2014\u201d<\/p>\n<p>W ramach dzia\u0142alno\u015bci fotograficznej do jego wa\u017cniejszych osi\u0105gni\u0119\u0107 nale\u017c\u0105:<\/p>\n<ul>\n<li>Dyplom jako\u015bci Nowojorskiego Instytutu Fotografii w\u00a02000 roku<\/li>\n<li>Pierwsza nagroda w\u00a0presti\u017cowym konkursie Wydawnictwa Serbin Communications oraz\u00a0czasopisma Photographers Forum z\u00a0Los Angeles, USA + publikacja i\u00a0uczestnictwo w\u00a0wystawie zbiorowej (22 tysi\u0105ce uczestnik\u00f3w z\u00a040 kraj\u00f3w \u015bwiata) w\u00a02001 roku<\/li>\n<li>Wystawa autorska w\u00a0Norwegii (Stavanger, Galeria ArtDekor) \u201eBarwne Impresje\u201d, czerwiec 2004<\/li>\n<li>Wydanie poetycko-fotograficznego albumu \u201eNastroje\u201d , Wydawnictwo Galaktyka, \u0141\u00f3d\u017a, 2004<\/li>\n<li>Wystawa autorska \u201eNastroje\u201d \u2013 pa\u017adziernik 2004, Krak\u00f3w, Targi Ksi\u0105\u017cki \u2013 30 tysi\u0119cy widz\u00f3w<\/li>\n<li>Wystawa autorska \u201eSalon Artystyczny Krakowa\u201d \u2013 pa\u017adziernik 2004, Krak\u00f3w, Piwnica Pod\u00a0Baranami<\/li>\n<li>Publikacja w\u00a0katalogu B&amp;W Magazine USA (2005) \u2013 nak\u0142ad 300tys. egz. \u2013 katalog dost\u0119pny w\u00a0uznanych \u015bwiatowych galeriach m.in.\u00a0w\u00a0Domu Aukcyjnym Sotheby\u2019s w\u00a0Londynie.<\/li>\n<\/ul>\n<p>Szczeg\u00f3\u0142owe informacje w sieci: <a href=\"http:\/\/pl.wikipedia.org\/wiki\/Andrzej_Walter\">http:\/\/pl.wikipedia.org\/wiki\/Andrzej_Walter<\/a><\/p>\n<p><strong>ANDRZEJ WALTER &#8211; WIERSZE<\/strong><\/p>\n<p><strong>numer<\/strong><\/p>\n<p>dzi\u015b mog\u0119 si\u0119 upi\u0107 nawet kaw\u0105<br \/>\nniczego nie pragn\u0105\u0107<br \/>\nna nic nie czeka\u0107<br \/>\nza\u0142o\u017cy\u0107 peleryn\u0119 snu<br \/>\npo\u017ceglowa\u0107 we wspomnienia<\/p>\n<p>mog\u0119 zasklepi\u0107 my\u015bli<br \/>\nw wodospadach reakcji<br \/>\nzredukowa\u0107 b\u00f3l<br \/>\ndo sztucznych s\u0142\u00f3w<\/p>\n<p>umiem p\u0142ywa\u0107<\/p>\n<p>godz\u0119 si\u0119<br \/>\nna ocean niepokoju<br \/>\nbrak kontekstu<br \/>\nna histori\u0119<br \/>\nbez wojownik\u00f3w<br \/>\nna wiatr<br \/>\nbez idei<\/p>\n<p>zosta\u0142 mi<br \/>\nwykluczony z wszelkich nurt\u00f3w<br \/>\nzwini\u0119ty w tr\u0119dowat\u0105 d\u0142o\u0144<br \/>\nnowoczesny<br \/>\nnumer pesel<\/p>\n<p>podstawa opodatkowania<\/p>\n<p><strong>wielka noc<\/strong><\/p>\n<p>stworzy\u0142 ich m\u0119\u017cczyzn\u0105 i kobiet\u0105<br \/>\nwyci\u0105gn\u0105\u0142 z otch\u0142ani czasu<br \/>\na czas<br \/>\n\u2013 przyklei\u0142 do \u017cycia<\/p>\n<p>daleko w sadzie ros\u0142y owoce dobrego i z\u0142ego<br \/>\nnie przeczu\u0142 nast\u0119pstw wolno\u015bci<br \/>\nzn\u00f3w by\u0142 sam w ogrodzie<br \/>\nna pocz\u0105tku pocz\u0105tk\u00f3w<\/p>\n<p>\u015bci\u0105\u0142 drzewo &#8211; sp\u0142on\u0119\u0142o<br \/>\nz popio\u0142\u00f3w zlepi\u0142 krzy\u017c<br \/>\nko\u0144ca dziej\u00f3w<br \/>\nna ratunek<\/p>\n<p><strong>okamgnienie<\/strong><\/p>\n<p>czas nie wie<br \/>\n\u017ce przemijam<\/p>\n<p>ale mo\u017ce czasem<br \/>\nnawet B\u00f3g<br \/>\nma ochot\u0119 przemija\u0107<\/p>\n<p>czas le\u017cy<br \/>\nna samym dnie<\/p>\n<p>ma pod sk\u00f3r\u0105<br \/>\nprzesz\u0142o\u015b\u0107<\/p>\n<p>jest niby tw\u00f3j<br \/>\nm\u00f3j<br \/>\na w zasadzie niczyj<\/p>\n<p>kiedy go chwytasz<br \/>\nkaleczy<\/p>\n","protected":false},"excerpt":{"rendered":"<p>Andrzej Walter &#8211; ur.1969 r. w Zabrzu, absolwent Uniwersytetu Ekonomicznego w Katowicach, mieszka i pracuje w Gliwicach, doradca podatkowy, w\u0142a\u015bciciel renomowanej gliwickiej kancelarii podatkowej. Poeta, fotografik i publicysta, juror konkurs\u00f3w poezji, autor tekst\u00f3w krytyczno-literackich, cz\u0142onek redakcji E-tygodnika literackiego Pisarze.pl oraz &#8230; <a class=\"more-link\" href=\"https:\/\/zlp-krakow.pl\/?page_id=280\">Read More &raquo;<\/a><\/p>\n","protected":false},"author":1,"featured_media":0,"parent":51,"menu_order":0,"comment_status":"closed","ping_status":"closed","template":"","meta":{"footnotes":""},"categories":[2],"tags":[],"class_list":["post-280","page","type-page","status-publish","hentry","category-czlonkowie"],"_links":{"self":[{"href":"https:\/\/zlp-krakow.pl\/index.php?rest_route=\/wp\/v2\/pages\/280","targetHints":{"allow":["GET"]}}],"collection":[{"href":"https:\/\/zlp-krakow.pl\/index.php?rest_route=\/wp\/v2\/pages"}],"about":[{"href":"https:\/\/zlp-krakow.pl\/index.php?rest_route=\/wp\/v2\/types\/page"}],"author":[{"embeddable":true,"href":"https:\/\/zlp-krakow.pl\/index.php?rest_route=\/wp\/v2\/users\/1"}],"replies":[{"embeddable":true,"href":"https:\/\/zlp-krakow.pl\/index.php?rest_route=%2Fwp%2Fv2%2Fcomments&post=280"}],"version-history":[{"count":8,"href":"https:\/\/zlp-krakow.pl\/index.php?rest_route=\/wp\/v2\/pages\/280\/revisions"}],"predecessor-version":[{"id":1113,"href":"https:\/\/zlp-krakow.pl\/index.php?rest_route=\/wp\/v2\/pages\/280\/revisions\/1113"}],"up":[{"embeddable":true,"href":"https:\/\/zlp-krakow.pl\/index.php?rest_route=\/wp\/v2\/pages\/51"}],"wp:attachment":[{"href":"https:\/\/zlp-krakow.pl\/index.php?rest_route=%2Fwp%2Fv2%2Fmedia&parent=280"}],"wp:term":[{"taxonomy":"category","embeddable":true,"href":"https:\/\/zlp-krakow.pl\/index.php?rest_route=%2Fwp%2Fv2%2Fcategories&post=280"},{"taxonomy":"post_tag","embeddable":true,"href":"https:\/\/zlp-krakow.pl\/index.php?rest_route=%2Fwp%2Fv2%2Ftags&post=280"}],"curies":[{"name":"wp","href":"https:\/\/api.w.org\/{rel}","templated":true}]}}