{"id":276,"date":"2015-03-06T01:41:54","date_gmt":"2015-03-06T00:41:54","guid":{"rendered":"http:\/\/zlp-krakow.org\/?page_id=276"},"modified":"2022-09-01T21:53:38","modified_gmt":"2022-09-01T19:53:38","slug":"torbus-andrzej","status":"publish","type":"page","link":"https:\/\/zlp-krakow.pl\/?page_id=276","title":{"rendered":"Andrzej Krzysztof Torbus"},"content":{"rendered":"<p><a href=\"https:\/\/zlp-krakow.pl\/wp-content\/uploads\/2019\/06\/Torbus.jpg\"><img loading=\"lazy\" decoding=\"async\" class=\"alignnone wp-image-4401\" src=\"https:\/\/zlp-krakow.pl\/wp-content\/uploads\/2019\/06\/Torbus-300x300.jpg\" alt=\"\" width=\"200\" height=\"200\" srcset=\"https:\/\/zlp-krakow.pl\/wp-content\/uploads\/2019\/06\/Torbus-300x300.jpg 300w, https:\/\/zlp-krakow.pl\/wp-content\/uploads\/2019\/06\/Torbus-150x150.jpg 150w, https:\/\/zlp-krakow.pl\/wp-content\/uploads\/2019\/06\/Torbus-768x768.jpg 768w, https:\/\/zlp-krakow.pl\/wp-content\/uploads\/2019\/06\/Torbus-940x940.jpg 940w, https:\/\/zlp-krakow.pl\/wp-content\/uploads\/2019\/06\/Torbus.jpg 960w\" sizes=\"auto, (max-width: 200px) 100vw, 200px\" \/><\/a><\/p>\n<p><span style=\"color: #000000;\"><strong><span style=\"font-family: Verdana;\">Andrzej Krzysztof Torbus<\/span><\/strong><\/span><\/p>\n<p><span class=\"tekstnormal\">poeta, prozaik, krytyk literacki.<\/span><\/p>\n<div><span class=\"tekstnormal\">Studiowa\u0142 filologi\u0119 polsk\u0105 na Uniwersytecie Jagiello\u0144skim. Wsp\u00f3\u0142za\u0142o\u017cyciel legendarnej Grupy Poetyckiej \u201eTylicz\u201d. <\/span><br class=\"tekstnormal\" \/><span class=\"tekstnormal\">Opr\u00f3cz wierszy pisze ksi\u0105\u017cki dla dzieci, proz\u0119, teksty piosenek (m.in. wielokrotny laureat Og\u00f3lnopolskiej Studenckiej Gie\u0142dy Piosenki Turystycznej oraz Festiwalu Piosenki Polskiej w Opolu). <\/span><br class=\"tekstnormal\" \/><span class=\"tekstnormal\">Autor kilkunastu ksi\u0105\u017cek, w tym sze\u015bciu tomik\u00f3w wierszy.<\/span><br class=\"tekstnormal\" \/><span class=\"tekstnormal\">Andrzej Grabowski, r\u00f3wnie\u017c poeta, napisa\u0142 o nim:<\/span><br class=\"tekstnormal\" \/><span class=\"tekstnormal\">\u201eO ma\u0142o nie zosta\u0142 trubadurem.<\/span><br class=\"tekstnormal\" \/><span class=\"tekstnormal\">Mistrz ballady, duma poezji i brat \u0142ata wszystkich poet\u00f3w.<\/span><br class=\"tekstnormal\" \/><span class=\"tekstnormal\">Sztukmistrz metafory i \u017congler przeno\u015bni .<\/span><br class=\"tekstnormal\" \/><span class=\"tekstnormal\">Malowane s\u0142owem pejza\u017ce zjednuj\u0105 mu od lat coraz wi\u0119ksze grono oddanych sympatyk\u00f3w.<\/span><br class=\"tekstnormal\" \/><span class=\"tekstnormal\">Odnalaz\u0142 najszybciej z przyjaci\u00f3\u0142 Jerzego Harasymowicza \u015bcie\u017cki po\u0142onin i pierwiosnki s\u0142\u00f3w.<\/span><br class=\"tekstnormal\" \/><span class=\"tekstnormal\">Ta poezja nie wymaga najmniejszego komentarza. <\/span><br class=\"tekstnormal\" \/><span class=\"tekstnormal\">Powinna by\u0107 przepisywana na recept\u0119\u201d<\/span><\/div>\n<h6><\/h6>\n<p><span class=\"tekstnormal\">Publikacje ksi\u0105\u017ckowe<\/span><\/p>\n<div><span class=\"tekstnormal\">Lato poga\u0144skie (wiersze). W &#8211; wa, 1978 MAW<\/span><br class=\"tekstnormal\" \/><span class=\"tekstnormal\">Podr\u00f3\u017c Pana Smoka (dla dzieci), Krak\u00f3w, 1982 (I wyd.), 1985 (II wyd.) KAW<\/span><br class=\"tekstnormal\" \/><span class=\"tekstnormal\">Przedszkolaka elementarz dziej\u00f3w (dla dzieci), cz.I &#8211; 1985, cz.II &#8211; 1986, cz.III \u2013 1987, Krak\u00f3w KAW<\/span><br class=\"tekstnormal\" \/><span class=\"tekstnormal\">Olimpiada w ZOO (dla dzieci), Rzesz\u00f3w, 1988 KAW<\/span><br class=\"tekstnormal\" \/><span class=\"tekstnormal\">Powr\u00f3t Pana Smoka (dla dzieci), Krak\u00f3w, 1988 KAW<\/span><br class=\"tekstnormal\" \/><span class=\"tekstnormal\">Ballady marnotrawnego (wiersze), Warszawa, 1990 Stow. KKP \u201dOkolice\u201d<\/span><br class=\"tekstnormal\" \/><span class=\"tekstnormal\">B\u0142\u0119domierz. Poemat o prowincji (wiersze), Krak\u00f3w, 1995 WAM<\/span><br class=\"tekstnormal\" \/><span class=\"tekstnormal\">Krakowskie go\u0142\u0119bie (dla dzieci), Krak\u00f3w, 1995 Kanwa<\/span><br class=\"tekstnormal\" \/><span class=\"tekstnormal\">Nocne rozmowy (wiersze), Krak\u00f3w, 1996 KKA-L<\/span><br class=\"tekstnormal\" \/><span class=\"tekstnormal\">Nostalgie (wiersze), Krak\u00f3w, 1998 KKA-L<\/span><br class=\"tekstnormal\" \/><span class=\"tekstnormal\">Mi\u0142o\u015bniki. Mi\u0142osne liryki (wiersze), Cz\u0119stochowa 2001, Wydawnictwo \u201eDom Ksi\u0105\u017cki\u201d<\/span><br class=\"tekstnormal\" \/><span class=\"tekstnormal\">Tomek Wskaz\u00f3wka (dla dzieci), Cz\u0119stochowa 2001, Wydawnictwo \u201eDom Ksi\u0105\u017cki\u201d<\/span><br class=\"tekstnormal\" \/><span class=\"tekstnormal\">O toru\u0144skich piernikach i teorii Kopernika (dla dzieci), Cz\u0119stochowa 2001, Wydawnictwo \u201eDom Ksi\u0105\u017cki\u201d <\/span><\/div>\n<div>Na skraju lasu jest zielony dom (wyb\u00f3r wierszy), 2006 Krak\u00f3w, \u015ar\u00f3dmiejski O\u015brodek Kultury, Fall<\/div>\n<div>Moje wigilie, moje zimy (wiersze), 2012 Warszawa; Rzesz\u00f3w, ad oculos<\/div>\n<div>Trzy poca\u0142unki (wiersze), Krak\u00f3w,\u00a0 2017, Signo<\/div>\n<div>Obrachunki osobiste, (wiersze), 2018 Krak\u00f3w, Signo<\/div>\n<div>Zasypianki (dla dzieci) KRD s.j. Karolak, Zieli\u0144ski, 2020, Bydgoszcz<br \/>\nA\u017c po horyzontu kres (wiersze). Wydawnictwo SIGNO, 2020, Krak\u00f3w<\/div>\n<div>Podr\u00f3\u017c Pana Smoka (dla dzieci), ARS LONGA\u00a0 Fundacja im. Mieczys\u0142awa \u015awi\u0119cickiego, 2022,\u00a0 Krak\u00f3w<br \/>\nPowr\u00f3t Pana Smoka (dla dzieci), ARS LONGA\u00a0 Fundacja im. Mieczys\u0142awa \u015awi\u0119cickiego, 2022, Krak\u00f3w<br \/>\nWierszyde\u0142ka (dla dzieci), Stowarzyszenie Tw\u00f3rcze Artystyczno-Literackie, 2022, Krak\u00f3w<\/div>\n<div><\/div>\n<p>&nbsp;<\/p>\n<p><strong><span class=\"tekstbold\">Tren do<\/span><\/strong><span class=\"tekstnormal\"><strong> ***<\/strong><br \/>\n<\/span><\/p>\n<p><span class=\"tekstwiersz\">ojcze poet\u00f3w<\/span><br class=\"tekstwiersz\" \/><span class=\"tekstwiersz\">Z Czarnego Lasu panie<\/span><br class=\"tekstwiersz\" \/><span class=\"tekstwiersz\">ty po Orszuli<\/span><br class=\"tekstwiersz\" \/><span class=\"tekstwiersz\">ja po tobie p\u0142acz\u0119<\/span><br class=\"tekstwiersz\" \/><span class=\"tekstwiersz\">nie usi\u0105dziemy<\/span><br class=\"tekstwiersz\" \/><span class=\"tekstwiersz\">w cieniu tamtej lipy<\/span><br class=\"tekstwiersz\" \/><span class=\"tekstwiersz\">a zamiast miodu<\/span><br class=\"tekstwiersz\" \/><span class=\"tekstwiersz\">pio\u0142un b\u0119dzie w dzbanie<\/span><br class=\"tekstwiersz\" \/><br class=\"tekstwiersz\" \/><span class=\"tekstwiersz\">nie pogadamy<\/span><br class=\"tekstwiersz\" \/><span class=\"tekstwiersz\">szczerze przez godzin\u0119<\/span><br class=\"tekstwiersz\" \/><span class=\"tekstwiersz\">nie czas po temu<\/span><br class=\"tekstwiersz\" \/><span class=\"tekstwiersz\">zm\u0119czy\u0142a ci\u0119 staro\u015b\u0107<\/span><br class=\"tekstwiersz\" \/><span class=\"tekstwiersz\">ty jeste\u015b drzewo<\/span><br class=\"tekstwiersz\" \/><span class=\"tekstwiersz\">ja li\u015b\u0107 kt\u00f3ry p\u0142ynie<\/span><br class=\"tekstwiersz\" \/><span class=\"tekstwiersz\">po rzece czasu<\/span><br class=\"tekstwiersz\" \/><span class=\"tekstwiersz\">a jego wci\u0105\u017c ma\u0142o<\/span><\/p>\n<p><strong><span class=\"tekstbold\">Erotyk dla Ewy<\/span><\/strong><span class=\"tekstnormal\"><br \/>\n<\/span><\/p>\n<p><span class=\"tekstwiersz\">Wi\u0119c nam p\u0142yn\u0105\u0107 obok siebie \u0142z\u0105?<\/span><br class=\"tekstwiersz\" \/><span class=\"tekstwiersz\">Kruchym tchnieniem powietrza by\u0107 tylko?<\/span><br class=\"tekstwiersz\" \/><span class=\"tekstwiersz\">Czy naprawd\u0119 musimy wci\u0105\u017c<\/span><br class=\"tekstwiersz\" \/><span class=\"tekstwiersz\">bez powodu w p\u00f3\u0142 zdania milkn\u0105\u0107?<\/span><br class=\"tekstwiersz\" \/><br class=\"tekstwiersz\" \/><span class=\"tekstwiersz\">Za nied\u0142ugo zasypie wszystko deszcz.<\/span><br class=\"tekstwiersz\" \/><span class=\"tekstwiersz\">Minie lato jak mrugni\u0119cie powiek.<\/span><br class=\"tekstwiersz\" \/><span class=\"tekstwiersz\">A ja ciebie nie umiem zakl\u0105\u0107 w wiersz<\/span><br class=\"tekstwiersz\" \/><span class=\"tekstwiersz\">co si\u0119 t\u0142ucze od dawna po g\u0142owie.<\/span><\/p>\n<h6><\/h6>\n<p><strong><span class=\"tekstbold\">Rozmowa z my\u015blami<\/span><\/strong><span class=\"tekstnormal\"><br \/>\n<\/span><\/p>\n<p><span class=\"tekstwiersz\">bij\u0119 si\u0119 z wami<\/span><br class=\"tekstwiersz\" \/><span class=\"tekstwiersz\">jak ch\u0142opcy na du\u017cej przerwie<\/span><br class=\"tekstwiersz\" \/><span class=\"tekstwiersz\">z t\u0105 r\u00f3\u017cnic\u0105<\/span><br class=\"tekstwiersz\" \/><span class=\"tekstwiersz\">\u017ce mojej walki<\/span><br class=\"tekstwiersz\" \/><span class=\"tekstwiersz\">nie przerwie nigdy<\/span><br class=\"tekstwiersz\" \/><span class=\"tekstwiersz\">dzwonek na lekcj\u0119<\/span><span class=\"tekstnormal\"><br \/>\n<\/span><\/p>\n<p>&nbsp;<\/p>\n","protected":false},"excerpt":{"rendered":"<p>Andrzej Krzysztof Torbus poeta, prozaik, krytyk literacki. Studiowa\u0142 filologi\u0119 polsk\u0105 na Uniwersytecie Jagiello\u0144skim. Wsp\u00f3\u0142za\u0142o\u017cyciel legendarnej Grupy Poetyckiej \u201eTylicz\u201d. Opr\u00f3cz wierszy pisze ksi\u0105\u017cki dla dzieci, proz\u0119, teksty piosenek (m.in. wielokrotny laureat Og\u00f3lnopolskiej Studenckiej Gie\u0142dy Piosenki Turystycznej oraz Festiwalu Piosenki Polskiej w &#8230; <a class=\"more-link\" href=\"https:\/\/zlp-krakow.pl\/?page_id=276\">Read More &raquo;<\/a><\/p>\n","protected":false},"author":1,"featured_media":0,"parent":51,"menu_order":0,"comment_status":"closed","ping_status":"closed","template":"","meta":{"footnotes":""},"categories":[2],"tags":[],"class_list":["post-276","page","type-page","status-publish","hentry","category-czlonkowie"],"_links":{"self":[{"href":"https:\/\/zlp-krakow.pl\/index.php?rest_route=\/wp\/v2\/pages\/276","targetHints":{"allow":["GET"]}}],"collection":[{"href":"https:\/\/zlp-krakow.pl\/index.php?rest_route=\/wp\/v2\/pages"}],"about":[{"href":"https:\/\/zlp-krakow.pl\/index.php?rest_route=\/wp\/v2\/types\/page"}],"author":[{"embeddable":true,"href":"https:\/\/zlp-krakow.pl\/index.php?rest_route=\/wp\/v2\/users\/1"}],"replies":[{"embeddable":true,"href":"https:\/\/zlp-krakow.pl\/index.php?rest_route=%2Fwp%2Fv2%2Fcomments&post=276"}],"version-history":[{"count":10,"href":"https:\/\/zlp-krakow.pl\/index.php?rest_route=\/wp\/v2\/pages\/276\/revisions"}],"predecessor-version":[{"id":5502,"href":"https:\/\/zlp-krakow.pl\/index.php?rest_route=\/wp\/v2\/pages\/276\/revisions\/5502"}],"up":[{"embeddable":true,"href":"https:\/\/zlp-krakow.pl\/index.php?rest_route=\/wp\/v2\/pages\/51"}],"wp:attachment":[{"href":"https:\/\/zlp-krakow.pl\/index.php?rest_route=%2Fwp%2Fv2%2Fmedia&parent=276"}],"wp:term":[{"taxonomy":"category","embeddable":true,"href":"https:\/\/zlp-krakow.pl\/index.php?rest_route=%2Fwp%2Fv2%2Fcategories&post=276"},{"taxonomy":"post_tag","embeddable":true,"href":"https:\/\/zlp-krakow.pl\/index.php?rest_route=%2Fwp%2Fv2%2Ftags&post=276"}],"curies":[{"name":"wp","href":"https:\/\/api.w.org\/{rel}","templated":true}]}}