{"id":244,"date":"2015-03-06T01:32:12","date_gmt":"2015-03-06T00:32:12","guid":{"rendered":"http:\/\/zlp-krakow.org\/?page_id=244"},"modified":"2015-03-17T02:02:23","modified_gmt":"2015-03-17T01:02:23","slug":"kleczkowska-krystyna","status":"publish","type":"page","link":"https:\/\/zlp-krakow.pl\/?page_id=244","title":{"rendered":"Krystyna Kleczkowska"},"content":{"rendered":"<p><img decoding=\"async\" src=\"https:\/\/zlp-krakow.pl\/tworcy\/kleczkowska\/kleczkowskafoto.jpg\" alt=\"[Rozmiar: 8975 bajt\u00f3w]\" \/><\/p>\n<div class=\"tekstnormal\"><b>prozaik, publicystka<\/b><\/p>\n<p>Uko\u0144czy\u0142a histori\u0119 sztuki na Uniwersytecie Jagiello\u0144skim. Debiutowa\u0142a opowiadaniem \u201eBicie psa\u201d w \u017byciu Literackim w 1956 r. Jednocze\u015bnie z uprawianiem prozy literackiej zajmuje si\u0119 prac\u0105 dziennikarsk\u0105. W \u201eDzienniku Polskim\u201d w latach 1958 do 1980, a p\u00f3\u017aniej w \u201eGazecie Krakowskiej\u201d (cykl \u201ePi\u00f3rem i szmink\u0105\u201d w latach 1998-2004) prowadzi\u0142a sta\u0142y felieton literacki. W \u201eDzienniku Polskim\u201d drukowa\u0142a r\u00f3wnie\u017c artyku\u0142y publicystyczne i reporta\u017ce; z tych ostatnich za najistotniejsze uwa\u017ca reporta\u017ce z Chin pisane podczas dwuletniego tam pobytu. Kilka obszernych chi\u0144skich reporta\u017cy umie\u015bci\u0142a w \u017byciu Literackim.<br \/>\nOpowiadania publikowa\u0142a m.in. w \u201e\u017byciu Literackim\u201d, \u201eKobiecie i \u017byciu\u201d, \u201eLekturze\u201d, \u201eMlad\u00e1 Tvorba\u201d, \u201eOdrze\u201d, \u201ePolnische Rundschau\u201d, \u201ePrzekroju\u201d, \u201ePrzyjaci\u00f3\u0142ce\u201d, \u201eS\u0142owie Tygodnia\u201d, \u201eTygodniku Powszechnym\u201d, \u201eTy i Ja\u201d, \u201eTrybunie Robotniczej\u201d, \u201eWsp\u00f3\u0142czesno\u015bci\u201d, \u201eZebrze\u201d, \u201eZwierciadle\u201d. Jej opowiadania i s\u0142uchowiska emitowane by\u0142y na antenie Krakowskiej Rozg\u0142o\u015bni Polskiego Radia.<br \/>\nW latach sze\u015b\u0107dziesi\u0105tych nale\u017ca\u0142a do grupy literackiej \u201eMuszyna\u201d, prowadzonej przez Jerzego Harasymowicza. Nagroda konkursowa za s\u0142uchowisko radiowe <i>Remis<\/i> (1982) oraz wyr\u00f3\u017cnienie MRN w Krakowie za sztuk\u0119 teatraln\u0105 <i>Mi\u0142e popo\u0142udnie <\/i>(1963). Cz\u0142onkini Zwi\u0105zku Literat\u00f3w Polskich od 1961.<\/div>\n<p>&nbsp;<\/p>\n<p><span class=\"tekstnormal\"><b>Publikacje ksi\u0105\u017ckowe<\/b><\/p>\n<p><i>Jutro nie b\u0119d\u0119 tajemnic\u0105 <\/i>(opowiadania) 1959.<br \/>\n<i>Cztery \u015bcian \u015bwiata<\/i> (opowiadania), 1964.<br \/>\n<i>Ma\u0142y partyzant<\/i> (opowiadanie), 1967, 1969.<br \/>\n<i>Odwiedziny przedwczoraj<\/i> (powie\u015b\u0107) 1968.<br \/>\n<i>Bilety do Rio<\/i> (opowiadanie) 1993.<br \/>\n<i>Bugatti w kolorze \u017c\u00f3\u0142tym <\/i>(powie\u015b\u0107) 1997.<br \/>\n<i>Valparaiso <\/i>(opowiadania) 2008.<\/span><\/p>\n<p><span class=\"tekstnormal\"><b>Publikacje w edycjach zbiorowych<\/b><\/p>\n<p><i>Staruszki<\/i> (opowiadanie), w: Almanach m\u0142odych 1960<br \/>\n<i>Jutro<\/i> (opowiadanie), w: Krakowski almanach m\u0142odych. 1964<br \/>\n<i>Bezsenno\u015b\u0107<\/i> (opowiadanie), w: Moderne Polnische Erz\u00e4hler. 1965<br \/>\n<i>Smak wolno\u015bci<\/i> (opowiadanie), w: Proza, proza, proza&#8230; 1996.<br \/>\n<i>W pi\u0105tek o \u00f3smej rano <\/i>(opowiadanie), w: Proza, proza, proza&#8230; 1998.<br \/>\nOpowiadania publikowane by\u0142y tak\u017ce w kolejnych edycjach \u201eProza, proza, proza&#8230;\u201d<\/p>\n<p><b>S\u0142uchowiska radiowe<\/b><\/p>\n<p><i>Mi\u0142e przedpo\u0142udnie.<\/i> (utw\u00f3r dramatyczny). Krak\u00f3w 1962<br \/>\n<i>Remis.<\/i> PR Krak\u00f3w (1982)<\/span><\/p>\n<p><span class=\"tekstnormal\">Zobacz opowiadanie &#8211; <i>Latarnia morska<\/i><br \/>\n<a href=\"https:\/\/zlp-krakow.pl\/tworcy\/kleczkowska\/latarnia_morska.doc\">\u015bci\u0105gnij plik (doc, 67kb)<\/a><\/span><\/p>\n","protected":false},"excerpt":{"rendered":"<p>prozaik, publicystka Uko\u0144czy\u0142a histori\u0119 sztuki na Uniwersytecie Jagiello\u0144skim. Debiutowa\u0142a opowiadaniem \u201eBicie psa\u201d w \u017byciu Literackim w 1956 r. Jednocze\u015bnie z uprawianiem prozy literackiej zajmuje si\u0119 prac\u0105 dziennikarsk\u0105. W \u201eDzienniku Polskim\u201d w latach 1958 do 1980, a p\u00f3\u017aniej w \u201eGazecie Krakowskiej\u201d &#8230; <a class=\"more-link\" href=\"https:\/\/zlp-krakow.pl\/?page_id=244\">Read More &raquo;<\/a><\/p>\n","protected":false},"author":1,"featured_media":0,"parent":56,"menu_order":0,"comment_status":"closed","ping_status":"closed","template":"","meta":{"footnotes":""},"categories":[4],"tags":[],"class_list":["post-244","page","type-page","status-publish","hentry","category-byli-wsrod-nas"],"_links":{"self":[{"href":"https:\/\/zlp-krakow.pl\/index.php?rest_route=\/wp\/v2\/pages\/244","targetHints":{"allow":["GET"]}}],"collection":[{"href":"https:\/\/zlp-krakow.pl\/index.php?rest_route=\/wp\/v2\/pages"}],"about":[{"href":"https:\/\/zlp-krakow.pl\/index.php?rest_route=\/wp\/v2\/types\/page"}],"author":[{"embeddable":true,"href":"https:\/\/zlp-krakow.pl\/index.php?rest_route=\/wp\/v2\/users\/1"}],"replies":[{"embeddable":true,"href":"https:\/\/zlp-krakow.pl\/index.php?rest_route=%2Fwp%2Fv2%2Fcomments&post=244"}],"version-history":[{"count":2,"href":"https:\/\/zlp-krakow.pl\/index.php?rest_route=\/wp\/v2\/pages\/244\/revisions"}],"predecessor-version":[{"id":997,"href":"https:\/\/zlp-krakow.pl\/index.php?rest_route=\/wp\/v2\/pages\/244\/revisions\/997"}],"up":[{"embeddable":true,"href":"https:\/\/zlp-krakow.pl\/index.php?rest_route=\/wp\/v2\/pages\/56"}],"wp:attachment":[{"href":"https:\/\/zlp-krakow.pl\/index.php?rest_route=%2Fwp%2Fv2%2Fmedia&parent=244"}],"wp:term":[{"taxonomy":"category","embeddable":true,"href":"https:\/\/zlp-krakow.pl\/index.php?rest_route=%2Fwp%2Fv2%2Fcategories&post=244"},{"taxonomy":"post_tag","embeddable":true,"href":"https:\/\/zlp-krakow.pl\/index.php?rest_route=%2Fwp%2Fv2%2Ftags&post=244"}],"curies":[{"name":"wp","href":"https:\/\/api.w.org\/{rel}","templated":true}]}}