{"id":238,"date":"2015-03-06T01:30:46","date_gmt":"2015-03-06T00:30:46","guid":{"rendered":"http:\/\/zlp-krakow.org\/?page_id=238"},"modified":"2015-12-07T22:03:44","modified_gmt":"2015-12-07T21:03:44","slug":"jezierska-krystyna","status":"publish","type":"page","link":"https:\/\/zlp-krakow.pl\/?page_id=238","title":{"rendered":"Krystyna Alicja Jezierska"},"content":{"rendered":"<p><a href=\"https:\/\/zlp-krakow.pl\/wp-content\/uploads\/2015\/03\/portret5.jpg\"><img loading=\"lazy\" decoding=\"async\" class=\"alignnone size-medium wp-image-1047\" src=\"https:\/\/zlp-krakow.pl\/wp-content\/uploads\/2015\/03\/portret5-191x300.jpg\" alt=\"portret5\" width=\"191\" height=\"300\" srcset=\"https:\/\/zlp-krakow.pl\/wp-content\/uploads\/2015\/03\/portret5-191x300.jpg 191w, https:\/\/zlp-krakow.pl\/wp-content\/uploads\/2015\/03\/portret5-651x1024.jpg 651w, https:\/\/zlp-krakow.pl\/wp-content\/uploads\/2015\/03\/portret5-600x944.jpg 600w, https:\/\/zlp-krakow.pl\/wp-content\/uploads\/2015\/03\/portret5.jpg 800w\" sizes=\"auto, (max-width: 191px) 100vw, 191px\" \/><\/a><\/p>\n<p><strong>Krystyna Alicja Jezierska<\/strong><\/p>\n<p>Poetka,\u00a0urodzona w Krakowie, tu uko\u0144czy\u0142a studia i pracowa\u0142a. Jej wiersze zamieszczane by\u0142y na \u0142amach: <strong><em>\u017bycia Literackiego, Przekroju, Poezji dzisiaj<\/em><\/strong>, publikowane od pi\u0119tnastu lat w <strong><em>Tygodniku Salwatorskim<\/em> <\/strong>oraz w licznych almanachach. Pisze r\u00f3wnie\u017c opowiadania proz\u0105, kt\u00f3rych fragmenty by\u0142y drukowane w tomach wydawanych przez ZLP Oddzia\u0142 w Krakowie <strong><em>Proza proza proza<\/em><\/strong> oraz w <strong><em>Literacie Krakowskim<\/em><\/strong>. Poetyckie ballady tej autorki s\u0105 wykonywane przez artyst\u00f3w i pie\u015bniarzy.<\/p>\n<p>Opublikowa\u0142a nast\u0119puj\u0105ce tomiki poetyckie:<br \/>\n\u201eDeszcz z\u0142otych przecink\u00f3w\u201d (1997), \u201eZ muzami nad Krakowem\u201d (1998),<br \/>\n\u201eMorzem malowane\u201d (2000), \u201eGda\u0144ska sonata\u201d (2011), \u201eMojej mi\u0142ej\u201d (2011)<\/p>\n<p><strong>Niezrozumia\u0142e<\/strong><\/p>\n<p>I nagle &#8230;<br \/>\n<em>zacz\u0119\u0142o dzia\u0107 si\u0119 niezrozumia\u0142e,<\/em><br \/>\n<em>nierealne pocz\u0119\u0142o by\u0107 realnym,<\/em><br \/>\n<em>niemo\u017cliwe stawa\u0142o si\u0119 mo\u017cliwym,<\/em><br \/>\n<em>a\u017c do nadci\u0105gaj\u0105cego apogeum.<\/em><br \/>\n<em>I nagle &#8230;<\/em><br \/>\n<em>mo\u017cliwe staje si\u0119 niemo\u017cliwym,<\/em><br \/>\n<em>realne ju\u017c nierealnym,<\/em><br \/>\n<em>tylko pozostaje wci\u0105\u017c niezrozumia\u0142e.<\/em><\/p>\n<p><strong>Diament<\/strong><\/p>\n<p>Zdajesz sobie chyba spraw\u0119,<br \/>\n<em>\u017ce moje cia\u0142o przygotowuje si\u0119<\/em><br \/>\n<em>do dalszej podr\u00f3\u017cy<\/em><br \/>\n<em>w mnogo\u015b\u0107 form \u017cycia,<\/em><br \/>\n<em>do analizy na zwi\u0105zki<\/em><br \/>\n<em>organiczne i nieorganiczne.<\/em><br \/>\n<em>B\u0119d\u0119 mog\u0142a sta\u0107 si\u0119<\/em><br \/>\n<em>w procesie spalania<\/em><br \/>\n<em>nawet diamentem!<\/em><br \/>\n<em>Czy przyj\u0105\u0142by\u015b taki klejnot?<\/em><br \/>\n<em>Mog\u0142abym wtedy i tylko wtedy<\/em><br \/>\n<em>na Twojej szyi<\/em><br \/>\n<em>zawisn\u0105\u0107 na zawsze.<\/em><\/p>\n<p><strong>Gda\u0144sk \u2013 m\u00f3j?<\/strong><\/p>\n<p>Przemierzam m\u00f3j Gda\u0144sk<br \/>\nja Krakowianka,<br \/>\nszepcz\u0105 uzurpatorka.<br \/>\nWo\u0142am \u2013 jednak mo\u017cna<br \/>\ndla dw\u00f3ch miast<br \/>\nprzepo\u0142owi\u0107 serce,<br \/>\nniczym kromk\u0119 chleba,<br \/>\npodzieli\u0107,<br \/>\nmo\u017ce ewangelicznie<br \/>\nsi\u0119 rozro\u015bnie?<\/p>\n","protected":false},"excerpt":{"rendered":"<p>Krystyna Alicja Jezierska Poetka,\u00a0urodzona w Krakowie, tu uko\u0144czy\u0142a studia i pracowa\u0142a. Jej wiersze zamieszczane by\u0142y na \u0142amach: \u017bycia Literackiego, Przekroju, Poezji dzisiaj, publikowane od pi\u0119tnastu lat w Tygodniku Salwatorskim oraz w licznych almanachach. Pisze r\u00f3wnie\u017c opowiadania proz\u0105, kt\u00f3rych fragmenty by\u0142y &#8230; <a class=\"more-link\" href=\"https:\/\/zlp-krakow.pl\/?page_id=238\">Read More &raquo;<\/a><\/p>\n","protected":false},"author":1,"featured_media":0,"parent":51,"menu_order":0,"comment_status":"closed","ping_status":"closed","template":"","meta":{"footnotes":""},"categories":[2],"tags":[],"class_list":["post-238","page","type-page","status-publish","hentry","category-czlonkowie"],"_links":{"self":[{"href":"https:\/\/zlp-krakow.pl\/index.php?rest_route=\/wp\/v2\/pages\/238","targetHints":{"allow":["GET"]}}],"collection":[{"href":"https:\/\/zlp-krakow.pl\/index.php?rest_route=\/wp\/v2\/pages"}],"about":[{"href":"https:\/\/zlp-krakow.pl\/index.php?rest_route=\/wp\/v2\/types\/page"}],"author":[{"embeddable":true,"href":"https:\/\/zlp-krakow.pl\/index.php?rest_route=\/wp\/v2\/users\/1"}],"replies":[{"embeddable":true,"href":"https:\/\/zlp-krakow.pl\/index.php?rest_route=%2Fwp%2Fv2%2Fcomments&post=238"}],"version-history":[{"count":10,"href":"https:\/\/zlp-krakow.pl\/index.php?rest_route=\/wp\/v2\/pages\/238\/revisions"}],"predecessor-version":[{"id":1954,"href":"https:\/\/zlp-krakow.pl\/index.php?rest_route=\/wp\/v2\/pages\/238\/revisions\/1954"}],"up":[{"embeddable":true,"href":"https:\/\/zlp-krakow.pl\/index.php?rest_route=\/wp\/v2\/pages\/51"}],"wp:attachment":[{"href":"https:\/\/zlp-krakow.pl\/index.php?rest_route=%2Fwp%2Fv2%2Fmedia&parent=238"}],"wp:term":[{"taxonomy":"category","embeddable":true,"href":"https:\/\/zlp-krakow.pl\/index.php?rest_route=%2Fwp%2Fv2%2Fcategories&post=238"},{"taxonomy":"post_tag","embeddable":true,"href":"https:\/\/zlp-krakow.pl\/index.php?rest_route=%2Fwp%2Fv2%2Ftags&post=238"}],"curies":[{"name":"wp","href":"https:\/\/api.w.org\/{rel}","templated":true}]}}

<p><a href="https://zlp-krakow.pl/wp-content/uploads/2015/03/portret5.jpg"><img loading="lazy" decoding="async" class="alignnone size-medium wp-image-1047" src="https://zlp-krakow.pl/wp-content/uploads/2015/03/portret5-191x300.jpg" alt="portret5" width="191" height="300" srcset="https://zlp-krakow.pl/wp-content/uploads/2015/03/portret5-191x300.jpg 191w, https://zlp-krakow.pl/wp-content/uploads/2015/03/portret5-651x1024.jpg 651w, https://zlp-krakow.pl/wp-content/uploads/2015/03/portret5-600x944.jpg 600w, https://zlp-krakow.pl/wp-content/uploads/2015/03/portret5.jpg 800w" sizes="auto, (max-width: 191px) 100vw, 191px" /></a></p>
<p><strong>Krystyna Alicja Jezierska</strong></p>
<p>Poetka, urodzona w Krakowie, tu ukończyła studia i pracowała. Jej wiersze zamieszczane były na łamach: <strong><em>Życia Literackiego, Przekroju, Poezji dzisiaj</em></strong>, publikowane od piętnastu lat w <strong><em>Tygodniku Salwatorskim</em> </strong>oraz w licznych almanachach. Pisze również opowiadania prozą, których fragmenty były drukowane w tomach wydawanych przez ZLP Oddział w Krakowie <strong><em>Proza proza proza</em></strong> oraz w <strong><em>Literacie Krakowskim</em></strong>. Poetyckie ballady tej autorki są wykonywane przez artystów i pieśniarzy.</p>
<p>Opublikowała następujące tomiki poetyckie:<br />
„Deszcz złotych przecinków” (1997), „Z muzami nad Krakowem” (1998),<br />
„Morzem malowane” (2000), „Gdańska sonata” (2011), „Mojej miłej” (2011)</p>
<p><strong>Niezrozumiałe</strong></p>
<p>I nagle &#8230;<br />
<em>zaczęło dziać się niezrozumiałe,</em><br />
<em>nierealne poczęło być realnym,</em><br />
<em>niemożliwe stawało się możliwym,</em><br />
<em>aż do nadciągającego apogeum.</em><br />
<em>I nagle &#8230;</em><br />
<em>możliwe staje się niemożliwym,</em><br />
<em>realne już nierealnym,</em><br />
<em>tylko pozostaje wciąż niezrozumiałe.</em></p>
<p><strong>Diament</strong></p>
<p>Zdajesz sobie chyba sprawę,<br />
<em>że moje ciało przygotowuje się</em><br />
<em>do dalszej podróży</em><br />
<em>w mnogość form życia,</em><br />
<em>do analizy na związki</em><br />
<em>organiczne i nieorganiczne.</em><br />
<em>Będę mogła stać się</em><br />
<em>w procesie spalania</em><br />
<em>nawet diamentem!</em><br />
<em>Czy przyjąłbyś taki klejnot?</em><br />
<em>Mogłabym wtedy i tylko wtedy</em><br />
<em>na Twojej szyi</em><br />
<em>zawisnąć na zawsze.</em></p>
<p><strong>Gdańsk – mój?</strong></p>
<p>Przemierzam mój Gdańsk<br />
ja Krakowianka,<br />
szepczą uzurpatorka.<br />
Wołam – jednak można<br />
dla dwóch miast<br />
przepołowić serce,<br />
niczym kromkę chleba,<br />
podzielić,<br />
może ewangelicznie<br />
się rozrośnie?</p>

<p>Krystyna Alicja Jezierska Poetka, urodzona w Krakowie, tu ukończyła studia i pracowała. Jej wiersze zamieszczane były na łamach: Życia Literackiego, Przekroju, Poezji dzisiaj, publikowane od piętnastu lat w Tygodniku Salwatorskim oraz w licznych almanachach. Pisze również opowiadania prozą, których fragmenty były &#8230; <a class="more-link" href="https://zlp-krakow.pl/?page_id=238">Read More &raquo;</a></p>
