{"id":215,"date":"2015-03-06T01:25:15","date_gmt":"2015-03-06T00:25:15","guid":{"rendered":"http:\/\/zlp-krakow.org\/?page_id=215"},"modified":"2022-08-18T07:45:44","modified_gmt":"2022-08-18T05:45:44","slug":"fialkowska-pyzowska-marzena","status":"publish","type":"page","link":"https:\/\/zlp-krakow.pl\/?page_id=215","title":{"rendered":"Marzanna Fia\u0142kowska-Pyzowska"},"content":{"rendered":"<p><a href=\"https:\/\/zlp-krakow.pl\/wp-content\/uploads\/2015\/03\/fijalkowska.jpg\"><img loading=\"lazy\" decoding=\"async\" class=\"alignnone size-full wp-image-1142\" src=\"https:\/\/zlp-krakow.pl\/wp-content\/uploads\/2015\/03\/fijalkowska.jpg\" alt=\"fijalkowska\" width=\"150\" height=\"200\" \/><\/a><\/p>\n<p><strong><span class=\"tytul\">Marzanna Fia\u0142kowska &#8211; Pyzowska<\/span><\/strong><\/p>\n<p class=\"tekstnormal\">Poetka, prozaik. Aktorka scen teatr\u00f3w krakowskich m.in. \u201eRapsodycznego\u201d, \u201eZiemi Krakowskiej\u201d, \u201eBagatela\u201d, \u201eMaszkaron\u201d. Jest laureatk\u0105 kilku konkurs\u00f3w literackich.<br \/>\nJej utwory poetyckie i prozatorskie publikowane by\u0142y w wielu czasopismach, programach radiowych oraz ksi\u0105\u017ckowych edycjach zbiorowych, almanachach, antologiach, katalogach (m.in. w antologii poezji \u201eekologicznej\u201d pt. \u201eAve Gaja\u201d, zbiorze wierszy \u201ePami\u0119\u0107\u201d i in.)<br \/>\nCz\u0142onkini zwi\u0105zku Literat\u00f3w Polskich, cz\u0142onek zarz\u0105du G\u0142\u00f3wnego Stowarzyszenia Tw\u00f3rczego Art. \u2013 Literackiego w Krakowie (w kadencji 2000 \u2013 2007r.).<br \/>\nDotychczas wyda\u0142a nast\u0119puj\u0105ce publikacje ksi\u0105\u017ckowe (poezja, proza poetycka, opowiadania):<\/p>\n<p><span class=\"tekstnormal\">\u00a0&#8222;Karet\u0105 nocy&#8221; &#8211;\u00a0(1996r.)<\/span><br class=\"tekstnormal\" \/><span class=\"tekstnormal\">\u00a0&#8222;Wszystko przysypa\u0142 dast&#8221; &#8211;\u00a0(1997r.)<\/span><br class=\"tekstnormal\" \/><span class=\"tekstnormal\">\u00a0&#8222;Twarze uczu\u0107&#8221; &#8211; (1999r.)<\/span><br class=\"tekstnormal\" \/><span class=\"tekstnormal\">\u00a0&#8222;By\u0142am go\u0142\u0119bic\u0105&#8221; &#8211; (2001r.)<\/span><br class=\"tekstnormal\" \/><span class=\"tekstnormal\">\u00a0&#8222;Pora anemon\u00f3w&#8221; &#8211; (2003r.)<\/span><\/p>\n<p><span class=\"tekstbold\">Odp\u0142ywy <\/span><br class=\"tekstbold\" \/><span class=\"tekstnormal\"><br \/>\n<\/span><span class=\"tekstwiersz\">Gdy odp\u0142ywasz z r\u00f3\u017cowo\u015bci mego cia\u0142a<\/span><br class=\"tekstwiersz\" \/><span class=\"tekstwiersz\">\u015bwiat zawijam<\/span><br class=\"tekstwiersz\" \/><span class=\"tekstwiersz\">w czarny woal po\u017cegnania<\/span><br class=\"tekstwiersz\" \/><br class=\"tekstwiersz\" \/><span class=\"tekstwiersz\">Tutaj drzewa i rzeki<\/span><br class=\"tekstwiersz\" \/><span class=\"tekstwiersz\">w \u015brodek chmury<\/span><br class=\"tekstwiersz\" \/><span class=\"tekstwiersz\">tam gwiazdy i sny<\/span><br class=\"tekstwiersz\" \/><br class=\"tekstwiersz\" \/><span class=\"tekstwiersz\">Ca\u0142e Twoje \u2013 moje cia\u0142o<\/span><br class=\"tekstwiersz\" \/><span class=\"tekstwiersz\">z zielonym zapachem \u0142\u0105k<\/span><br class=\"tekstwiersz\" \/><span class=\"tekstwiersz\">i rajskich ogrod\u00f3w<\/span><br class=\"tekstwiersz\" \/><br class=\"tekstwiersz\" \/><span class=\"tekstwiersz\">Przesi\u0105kni\u0119ci sob\u0105 ju\u017c nie my<\/span><br class=\"tekstwiersz\" \/><span class=\"tekstwiersz\">przechowujemy siebie a\u017c<\/span><br class=\"tekstwiersz\" \/><span class=\"tekstwiersz\">do nast\u0119pnego spotkania<\/span><\/p>\n<p><span class=\"tekstbold\">Lubi\u0119 kiedy m\u0119\u017cczyzna\u2026<\/span><\/p>\n<p><span class=\"tekstwiersz\">Lubi\u0119 kiedy m\u0119\u017cczyzna<\/span><br class=\"tekstwiersz\" \/><span class=\"tekstwiersz\">d\u0142o\u0144 mi rozwart\u0105 podaje<\/span><br class=\"tekstwiersz\" \/><span class=\"tekstwiersz\">i bluszcze moich d\u0142oni<\/span><br class=\"tekstwiersz\" \/><span class=\"tekstwiersz\">ka\u017cdy jego palec pieszcz\u0105<\/span><br class=\"tekstwiersz\" \/><br class=\"tekstwiersz\" \/><span class=\"tekstwiersz\">Lubi\u0119 roz\u015bciela\u0107 me \u0142\u00f3\u017cko pokornie<\/span><br class=\"tekstwiersz\" \/><span class=\"tekstwiersz\">zamykaj\u0105c \u017caluzje rzeczywisto\u015bci<\/span><br class=\"tekstwiersz\" \/><span class=\"tekstwiersz\">i na wachlarzu zrzuconych koronek<\/span><br class=\"tekstwiersz\" \/><span class=\"tekstwiersz\">uk\u0142ada\u0107 m\u0105 nago\u015b\u0107 wyczekuj\u0105c\u0105<\/span><br class=\"tekstwiersz\" \/><br class=\"tekstwiersz\" \/><span class=\"tekstwiersz\">Lubi\u0119 gdy wreszcie nasz \u015bwiat gor\u0105cy<\/span><br class=\"tekstwiersz\" \/><span class=\"tekstwiersz\">rozko\u0142ysany \u015bciskamy w ramionach<\/span><br class=\"tekstwiersz\" \/><span class=\"tekstwiersz\">i tarzam si\u0119 w uleg\u0142ym \u0142anie zbo\u017ca<\/span><br class=\"tekstwiersz\" \/><span class=\"tekstwiersz\">zadziwionym t\u0105 burz\u0105 rozkrzyczan\u0105<\/span><br class=\"tekstwiersz\" \/><br class=\"tekstwiersz\" \/><span class=\"tekstwiersz\">Lubi\u0119 przytula\u0107 m\u00f3j oddech zdyszany <\/span><br class=\"tekstwiersz\" \/><span class=\"tekstwiersz\">do Twych ust r\u00f3\u017cowo\u015bci\u0105 pe\u0142nych dr\u017c\u0105cych<\/span><br class=\"tekstwiersz\" \/><span class=\"tekstwiersz\">gdy s\u0142owa najczulsze w milczenie zakl\u0119te<\/span><br class=\"tekstwiersz\" \/><span class=\"tekstwiersz\">rozkwita\u0107 b\u0119d\u0105 gdy nas tu nie b\u0119dzie<\/span><span class=\"tekstnormal\"><br \/>\n<\/span><span class=\"tytul\"><br \/>\n<\/span><\/p>\n<p>&nbsp;<\/p>\n<p>&nbsp;<\/p>\n","protected":false},"excerpt":{"rendered":"<p>Marzanna Fia\u0142kowska &#8211; Pyzowska Poetka, prozaik. Aktorka scen teatr\u00f3w krakowskich m.in. \u201eRapsodycznego\u201d, \u201eZiemi Krakowskiej\u201d, \u201eBagatela\u201d, \u201eMaszkaron\u201d. Jest laureatk\u0105 kilku konkurs\u00f3w literackich. Jej utwory poetyckie i prozatorskie publikowane by\u0142y w wielu czasopismach, programach radiowych oraz ksi\u0105\u017ckowych edycjach zbiorowych, almanachach, antologiach, katalogach &#8230; <a class=\"more-link\" href=\"https:\/\/zlp-krakow.pl\/?page_id=215\">Read More &raquo;<\/a><\/p>\n","protected":false},"author":1,"featured_media":0,"parent":56,"menu_order":0,"comment_status":"closed","ping_status":"closed","template":"","meta":{"footnotes":""},"categories":[4],"tags":[],"class_list":["post-215","page","type-page","status-publish","hentry","category-byli-wsrod-nas"],"_links":{"self":[{"href":"https:\/\/zlp-krakow.pl\/index.php?rest_route=\/wp\/v2\/pages\/215","targetHints":{"allow":["GET"]}}],"collection":[{"href":"https:\/\/zlp-krakow.pl\/index.php?rest_route=\/wp\/v2\/pages"}],"about":[{"href":"https:\/\/zlp-krakow.pl\/index.php?rest_route=\/wp\/v2\/types\/page"}],"author":[{"embeddable":true,"href":"https:\/\/zlp-krakow.pl\/index.php?rest_route=\/wp\/v2\/users\/1"}],"replies":[{"embeddable":true,"href":"https:\/\/zlp-krakow.pl\/index.php?rest_route=%2Fwp%2Fv2%2Fcomments&post=215"}],"version-history":[{"count":4,"href":"https:\/\/zlp-krakow.pl\/index.php?rest_route=\/wp\/v2\/pages\/215\/revisions"}],"predecessor-version":[{"id":1143,"href":"https:\/\/zlp-krakow.pl\/index.php?rest_route=\/wp\/v2\/pages\/215\/revisions\/1143"}],"up":[{"embeddable":true,"href":"https:\/\/zlp-krakow.pl\/index.php?rest_route=\/wp\/v2\/pages\/56"}],"wp:attachment":[{"href":"https:\/\/zlp-krakow.pl\/index.php?rest_route=%2Fwp%2Fv2%2Fmedia&parent=215"}],"wp:term":[{"taxonomy":"category","embeddable":true,"href":"https:\/\/zlp-krakow.pl\/index.php?rest_route=%2Fwp%2Fv2%2Fcategories&post=215"},{"taxonomy":"post_tag","embeddable":true,"href":"https:\/\/zlp-krakow.pl\/index.php?rest_route=%2Fwp%2Fv2%2Ftags&post=215"}],"curies":[{"name":"wp","href":"https:\/\/api.w.org\/{rel}","templated":true}]}}